{"id":96,"date":"2025-06-21T12:42:15","date_gmt":"2025-06-21T12:42:15","guid":{"rendered":"https:\/\/skak.is\/icelandic100\/?page_id=96"},"modified":"2025-06-21T12:45:46","modified_gmt":"2025-06-21T12:45:46","slug":"keppnisreglur-um-islandsmeistaratitla","status":"publish","type":"page","link":"https:\/\/skak.is\/icelandic100\/keppnisreglur-um-islandsmeistaratitla\/","title":{"rendered":"Keppnisreglur um \u00cdslandsmeistaratitla"},"content":{"rendered":"<p>Ef tveir e\u00f0a fleiri keppendur eru jafnir og efstir \u00ed bar\u00e1ttunni um \u00cdslandsmeistaratitilinn, hvort sem um opinn e\u00f0a kvennaflokk er a\u00f0 r\u00e6\u00f0a, skal tefla til \u00farslita me\u00f0 styttri umhugsunart\u00edma.<\/p>\n<p>Um a\u00f0ra \u00cdslandsmeistaratitla gildir oddastiga\u00fatreikningur.<\/p>\n<p><strong>Almennar reglur um \u00farslit:<\/strong><br \/>\nKeppendur skulu f\u00e1 a\u00f0 minnsta kosti eina klukkustund \u00ed hv\u00edld \u00e1\u00f0ur en \u00farslitakeppni hefst.<\/p>\n<p><strong>Ef tveir keppendur eru efstir og jafnir:<\/strong><br \/>\nFyrsta umfer\u00f0:<br \/>\nDregi\u00f0 um liti<br \/>\nTv\u00e6r sk\u00e1kir me\u00f0 t\u00edmam\u00f6rkunum 10 m\u00edn\u00fatur \u00e1 hvorn keppanda + 5 sek\u00fandur \u00e1 hvern leik<br \/>\nEf jafnt<br \/>\nDregi\u00f0 um liti<br \/>\nTv\u00e6r sk\u00e1kir me\u00f0 t\u00edmam\u00f6rkunum 3 m\u00edn\u00fatur \u00e1 hvorn keppanda + 2 sek\u00fandur \u00e1 hvern leik<br \/>\nEf jafnt<br \/>\nDregi\u00f0 um liti<br \/>\nEIN sk\u00e1k me\u00f0 t\u00edmam\u00f6rkunum 3 m\u00edn\u00fatur + 2 sek\u00fandur sek\u00fandur \u00e1 hvern leik<br \/>\nEf jafntefli<br \/>\n\u00d6nnur sk\u00e1k me\u00f0 s\u00f6mu t\u00edmam\u00f6rkum og \u00e1\u00f0ur, me\u00f0 \u00f6fugum litum \u00fear til sigurvegari finnst.<\/p>\n<p><strong>Ef \u00fer\u00edr keppendur eru efstir og jafnir:<\/strong><br \/>\nKeppandi nr. 1, sem er me\u00f0 bestu oddastigin, kemst beint \u00ed 2. umfer\u00f0.<br \/>\nKeppendur nr. 2 og 3 tefla um r\u00e9ttinn a\u00f0 til a\u00f0 komast \u00ed 2. umfer\u00f0 gegn keppanda nr. 1.<\/p>\n<p><strong>Ef fj\u00f3rir keppendur eru efstir og jafnir:<\/strong><br \/>\nKeppendur nr. 1 og 4, sem hafa h\u00e6stu oddastig, m\u00e6tast, og sama gerist me\u00f0 keppendur nr. 2 og 3.<br \/>\nSigurvegarnir \u00far \u00feessum vi\u00f0ureignum tefla til \u00farslita<\/p>\n<p><strong>Ef fleiri en fj\u00f3rir keppendur eru jafnir \u00ed efstu s\u00e6tum:<\/strong><br \/>\nFj\u00f3rir efstu keppendur, samkv\u00e6mt oddastigum, komast \u00ed aukakeppni til a\u00f0 \u00e1kve\u00f0a endanlega sigurvegara.<\/p>\n","protected":false},"excerpt":{"rendered":"<p>Ef tveir e\u00f0a fleiri keppendur eru jafnir og efstir \u00ed bar\u00e1ttunni um \u00cdslandsmeistaratitilinn, hvort sem um opinn e\u00f0a kvennaflokk er a\u00f0 r\u00e6\u00f0a, skal tefla til \u00farslita me\u00f0 styttri umhugsunart\u00edma. Um a\u00f0ra \u00cdslandsmeistaratitla gildir oddastiga\u00fatreikningur. Almennar reglur um \u00farslit: Keppendur skulu f\u00e1 a\u00f0 minnsta kosti eina klukkustund \u00ed hv\u00edld \u00e1\u00f0ur en \u00farslitakeppni hefst. Ef tveir keppendur [&hellip;]<\/p>\n","protected":false},"author":6,"featured_media":0,"parent":0,"menu_order":0,"comment_status":"closed","ping_status":"closed","template":"","meta":{"footnotes":""},"class_list":["post-96","page","type-page","status-publish","hentry"],"_links":{"self":[{"href":"https:\/\/skak.is\/icelandic100\/wp-json\/wp\/v2\/pages\/96","targetHints":{"allow":["GET"]}}],"collection":[{"href":"https:\/\/skak.is\/icelandic100\/wp-json\/wp\/v2\/pages"}],"about":[{"href":"https:\/\/skak.is\/icelandic100\/wp-json\/wp\/v2\/types\/page"}],"author":[{"embeddable":true,"href":"https:\/\/skak.is\/icelandic100\/wp-json\/wp\/v2\/users\/6"}],"replies":[{"embeddable":true,"href":"https:\/\/skak.is\/icelandic100\/wp-json\/wp\/v2\/comments?post=96"}],"version-history":[{"count":3,"href":"https:\/\/skak.is\/icelandic100\/wp-json\/wp\/v2\/pages\/96\/revisions"}],"predecessor-version":[{"id":99,"href":"https:\/\/skak.is\/icelandic100\/wp-json\/wp\/v2\/pages\/96\/revisions\/99"}],"wp:attachment":[{"href":"https:\/\/skak.is\/icelandic100\/wp-json\/wp\/v2\/media?parent=96"}],"curies":[{"name":"wp","href":"https:\/\/api.w.org\/{rel}","templated":true}]}}