{"id":470,"date":"2018-08-24T06:54:13","date_gmt":"2018-08-24T06:54:13","guid":{"rendered":"https:\/\/skak.is\/skakkennsla\/?page_id=470"},"modified":"2018-08-24T06:54:13","modified_gmt":"2018-08-24T06:54:13","slug":"grunnatridi-2","status":"publish","type":"page","link":"https:\/\/skak.is\/skakkennsla\/grunnatridi-2\/","title":{"rendered":"Grunnatri\u00f0i"},"content":{"rendered":"<div id=\"td_uid_1_69f7d57b10870\" class=\"tdc-row\"><div class=\"vc_row td_uid_1_69f7d57b10878_rand  wpb_row td-pb-row\" >\n<style scoped>\n\n\/* custom css *\/\n.td_uid_1_69f7d57b10878_rand {\r\n                    min-height: 0;\r\n                }\n<\/style><div class=\"vc_column td_uid_2_69f7d57b10a6e_rand  wpb_column vc_column_container tdc-column td-pb-span12\"><div class=\"wpb_wrapper\"><section class=\"mxYouTubeR mxYouTubeR_playlist mxYouTubeR_theme_default\">\r\n\t<div class=\"mxyt-playlist mxyt-cols-sm\">\r\n    \t<div class=\"mxyt-brow\">\r\n\t\t\t                <div class=\"mxyt-bcol-3\">\r\n                    <div class=\"mxyt-playlist-item\">\r\n    <div class=\"mxyt-video \">\r\n        <a href=\"https:\/\/youtu.be\/KgjKtNSX-8g?rel=0&autoplay=1&showinfo=1\" data-ratio=\"1.78\" class=\"mxyt-img-placeholder mxyt-videolink  mxyt-lightbox\" data-fancybox=\"mxYouTubeR:d7e6991084ed8ccefb77b96934290401\" target=\"_blank\"><img decoding=\"async\" src=\"https:\/\/i.ytimg.com\/vi\/KgjKtNSX-8g\/mqdefault.jpg\" alt=\"Manngangurinn og vir&eth;i taflmannanna\" \/><span class=\"mxyt-play\"><i class=\"mxyt-icon mxyt-icon-play\"><\/i><\/span><span class=\"mxyt-time\">10:08<\/span><\/a>    <\/div>\r\n            <div class=\"mxyt-title\">\r\n            <h3>Manngangurinn og vir\u00f0i taflmannanna<\/h3>        <\/div>\r\n                <div class=\"mxyt-description\">\r\n            <div class=\"mxyt-text-description mxyt-less\"><div class=\"mxyt-text-description-full\">\u00cd \u00feessu myndbandi er fari\u00f0 yfir vir\u00f0i taflmannanna og hvernig m\u00e1 hreyfa \u00fe\u00e1.<\/div><\/div>\r\n        <\/div>\r\n                <div class=\"mxyt-meta\">\r\n            <div class=\"mxyt-views mxyt-tip\" title=\"Number of views\"><i class=\"mxyt-icon mxyt-icon-views\"><\/i> 1418<\/div>\r\n            <div class=\"mxyt-likes mxyt-tip\" title=\"Number of likes\"><i class=\"mxyt-icon mxyt-icon-likes\"><\/i> 4<\/div>\r\n            <div class=\"mxyt-comments mxyt-tip\" title=\"Number of comments\"><i class=\"mxyt-icon mxyt-icon-comments\"><\/i> 0<\/div>\r\n        <\/div>\r\n        <\/div>\r\n                <\/div>\r\n                                <div class=\"mxyt-bcol-3\">\r\n                    <div class=\"mxyt-playlist-item\">\r\n    <div class=\"mxyt-video \">\r\n        <a href=\"https:\/\/youtu.be\/mQcZ4lTHkvw?rel=0&autoplay=1&showinfo=1\" data-ratio=\"1.78\" class=\"mxyt-img-placeholder mxyt-videolink  mxyt-lightbox\" data-fancybox=\"mxYouTubeR:d7e6991084ed8ccefb77b96934290401\" target=\"_blank\"><img decoding=\"async\" src=\"https:\/\/i.ytimg.com\/vi\/mQcZ4lTHkvw\/mqdefault.jpg\" alt=\"A&eth; byrja sk&aacute;k\" \/><span class=\"mxyt-play\"><i class=\"mxyt-icon mxyt-icon-play\"><\/i><\/span><span class=\"mxyt-time\">6:35<\/span><\/a>    <\/div>\r\n            <div class=\"mxyt-title\">\r\n            <h3>A\u00f0 byrja sk\u00e1k<\/h3>        <\/div>\r\n                <div class=\"mxyt-description\">\r\n            <div class=\"mxyt-text-description mxyt-less\"><div class=\"mxyt-text-description-full\">\u00dea\u00f0 er mikilv\u00e6gt a\u00f0 velja s\u00e9r g\u00f3\u00f0a lei\u00f0 til \u00feess a\u00f0 hefja sk\u00e1kina. A\u00f0alatri\u00f0i\u00f0 er a\u00f0 koma m\u00f6nnunum \u00e1 framf\u00e6ri, berjast um mi\u00f0bor\u00f0i\u00f0 og koma k\u00f3ngnum \u00ed skj\u00f3l.<\/div><\/div>\r\n        <\/div>\r\n                <div class=\"mxyt-meta\">\r\n            <div class=\"mxyt-views mxyt-tip\" title=\"Number of views\"><i class=\"mxyt-icon mxyt-icon-views\"><\/i> 1911<\/div>\r\n            <div class=\"mxyt-likes mxyt-tip\" title=\"Number of likes\"><i class=\"mxyt-icon mxyt-icon-likes\"><\/i> 11<\/div>\r\n            <div class=\"mxyt-comments mxyt-tip\" title=\"Number of comments\"><i class=\"mxyt-icon mxyt-icon-comments\"><\/i> 1<\/div>\r\n        <\/div>\r\n        <\/div>\r\n                <\/div>\r\n                                <div class=\"mxyt-bcol-3\">\r\n                    <div class=\"mxyt-playlist-item\">\r\n    <div class=\"mxyt-video \">\r\n        <a href=\"https:\/\/youtu.be\/AVgaakBqK-U?rel=0&autoplay=1&showinfo=1\" data-ratio=\"1.78\" class=\"mxyt-img-placeholder mxyt-videolink  mxyt-lightbox\" data-fancybox=\"mxYouTubeR:d7e6991084ed8ccefb77b96934290401\" target=\"_blank\"><img decoding=\"async\" src=\"https:\/\/i.ytimg.com\/vi\/AVgaakBqK-U\/mqdefault.jpg\" alt=\"A&eth; vinna sk&aacute;k\" \/><span class=\"mxyt-play\"><i class=\"mxyt-icon mxyt-icon-play\"><\/i><\/span><span class=\"mxyt-time\">6:44<\/span><\/a>    <\/div>\r\n            <div class=\"mxyt-title\">\r\n            <h3>A\u00f0 vinna sk\u00e1k<\/h3>        <\/div>\r\n                <div class=\"mxyt-description\">\r\n            <div class=\"mxyt-text-description mxyt-less\"><div class=\"mxyt-text-description-full\">Til \u00feess a\u00f0 vinna sk\u00e1k \u00fearf a\u00f0 sk\u00e1ka og m\u00e1ta k\u00f3ng andst\u00e6\u00f0ingsins. \u00deetta getur reynst fl\u00f3ki\u00f0 fyrir suma en \u00ed \u00feessu myndbandi f\u00f6rum vi\u00f0 yfir, \u00e1 einfaldan h\u00e1tt, hvernig h\u00e6gt er a\u00f0 sk\u00e1ka og m\u00e1ta!<\/div><\/div>\r\n        <\/div>\r\n                <div class=\"mxyt-meta\">\r\n            <div class=\"mxyt-views mxyt-tip\" title=\"Number of views\"><i class=\"mxyt-icon mxyt-icon-views\"><\/i> 546<\/div>\r\n            <div class=\"mxyt-likes mxyt-tip\" title=\"Number of likes\"><i class=\"mxyt-icon mxyt-icon-likes\"><\/i> 1<\/div>\r\n            <div class=\"mxyt-comments mxyt-tip\" title=\"Number of comments\"><i class=\"mxyt-icon mxyt-icon-comments\"><\/i> 0<\/div>\r\n        <\/div>\r\n        <\/div>\r\n                <\/div>\r\n                <\/div><div class=\"mxyt-brow\">                <div class=\"mxyt-bcol-3\">\r\n                    <div class=\"mxyt-playlist-item\">\r\n    <div class=\"mxyt-video \">\r\n        <a href=\"https:\/\/youtu.be\/Ba5hEupf9CE?rel=0&autoplay=1&showinfo=1\" data-ratio=\"1.78\" class=\"mxyt-img-placeholder mxyt-videolink  mxyt-lightbox\" data-fancybox=\"mxYouTubeR:d7e6991084ed8ccefb77b96934290401\" target=\"_blank\"><img decoding=\"async\" src=\"https:\/\/i.ytimg.com\/vi\/Ba5hEupf9CE\/mqdefault.jpg\" alt=\"Helstu sk&aacute;kreglur\" \/><span class=\"mxyt-play\"><i class=\"mxyt-icon mxyt-icon-play\"><\/i><\/span><span class=\"mxyt-time\">6:27<\/span><\/a>    <\/div>\r\n            <div class=\"mxyt-title\">\r\n            <h3>Helstu sk\u00e1kreglur<\/h3>        <\/div>\r\n                <div class=\"mxyt-description\">\r\n            <div class=\"mxyt-text-description mxyt-less\"><div class=\"mxyt-text-description-full\">H\u00e9r fer Bj\u00f6rn \u00cdvar yfir helstu reglur sem got er a\u00f0 \u00feekkja \u00e1\u00f0ur en fari\u00f0 er \u00e1 sk\u00e1km\u00f3t.<\/div><\/div>\r\n        <\/div>\r\n                <div class=\"mxyt-meta\">\r\n            <div class=\"mxyt-views mxyt-tip\" title=\"Number of views\"><i class=\"mxyt-icon mxyt-icon-views\"><\/i> 598<\/div>\r\n            <div class=\"mxyt-likes mxyt-tip\" title=\"Number of likes\"><i class=\"mxyt-icon mxyt-icon-likes\"><\/i> 2<\/div>\r\n            <div class=\"mxyt-comments mxyt-tip\" title=\"Number of comments\"><i class=\"mxyt-icon mxyt-icon-comments\"><\/i> 0<\/div>\r\n        <\/div>\r\n        <\/div>\r\n                <\/div>\r\n                                <div class=\"mxyt-bcol-3\">\r\n                    <div class=\"mxyt-playlist-item\">\r\n    <div class=\"mxyt-video \">\r\n        <a href=\"https:\/\/youtu.be\/xLPH5wmJD3M?rel=0&autoplay=1&showinfo=1\" data-ratio=\"1.78\" class=\"mxyt-img-placeholder mxyt-videolink  mxyt-lightbox\" data-fancybox=\"mxYouTubeR:d7e6991084ed8ccefb77b96934290401\" target=\"_blank\"><img decoding=\"async\" src=\"https:\/\/i.ytimg.com\/vi\/xLPH5wmJD3M\/mqdefault.jpg\" alt=\"Gaffall\" \/><span class=\"mxyt-play\"><i class=\"mxyt-icon mxyt-icon-play\"><\/i><\/span><span class=\"mxyt-time\">4:12<\/span><\/a>    <\/div>\r\n            <div class=\"mxyt-title\">\r\n            <h3>Gaffall<\/h3>        <\/div>\r\n                <div class=\"mxyt-description\">\r\n            <div class=\"mxyt-text-description mxyt-less\"><div class=\"mxyt-text-description-full\">\u00deegar einn ma\u00f0ur h\u00f3tar m\u00f6rgum \u00ed einum k\u00f6llum vi\u00f0 \u00fea\u00f0 gaffal. \u00cd \u00feessu myndbandi er fari\u00f0 yfir nokkur d\u00e6mi um gaffal \u00ed sk\u00e1k.<\/div><\/div>\r\n        <\/div>\r\n                <div class=\"mxyt-meta\">\r\n            <div class=\"mxyt-views mxyt-tip\" title=\"Number of views\"><i class=\"mxyt-icon mxyt-icon-views\"><\/i> 271<\/div>\r\n            <div class=\"mxyt-likes mxyt-tip\" title=\"Number of likes\"><i class=\"mxyt-icon mxyt-icon-likes\"><\/i> 1<\/div>\r\n            <div class=\"mxyt-comments mxyt-tip\" title=\"Number of comments\"><i class=\"mxyt-icon mxyt-icon-comments\"><\/i> 0<\/div>\r\n        <\/div>\r\n        <\/div>\r\n                <\/div>\r\n                                <div class=\"mxyt-bcol-3\">\r\n                    <div class=\"mxyt-playlist-item\">\r\n    <div class=\"mxyt-video \">\r\n        <a href=\"https:\/\/youtu.be\/VjvXl0vDfoQ?rel=0&autoplay=1&showinfo=1\" data-ratio=\"1.78\" class=\"mxyt-img-placeholder mxyt-videolink  mxyt-lightbox\" data-fancybox=\"mxYouTubeR:d7e6991084ed8ccefb77b96934290401\" target=\"_blank\"><img decoding=\"async\" src=\"https:\/\/i.ytimg.com\/vi\/VjvXl0vDfoQ\/mqdefault.jpg\" alt=\"Leppanir\" \/><span class=\"mxyt-play\"><i class=\"mxyt-icon mxyt-icon-play\"><\/i><\/span><span class=\"mxyt-time\">7:39<\/span><\/a>    <\/div>\r\n            <div class=\"mxyt-title\">\r\n            <h3>Leppanir<\/h3>        <\/div>\r\n                <div class=\"mxyt-description\">\r\n            <div class=\"mxyt-text-description mxyt-less\"><div class=\"mxyt-text-description-full\">Taflma\u00f0ur er leppur \u00feegar hann getur ekki hreyft sig \u00fear sem annar mikilv\u00e6gur ma\u00f0ur stendur fyrir aftan hann.<\/div><\/div>\r\n        <\/div>\r\n                <div class=\"mxyt-meta\">\r\n            <div class=\"mxyt-views mxyt-tip\" title=\"Number of views\"><i class=\"mxyt-icon mxyt-icon-views\"><\/i> 193<\/div>\r\n            <div class=\"mxyt-likes mxyt-tip\" title=\"Number of likes\"><i class=\"mxyt-icon mxyt-icon-likes\"><\/i> 0<\/div>\r\n            <div class=\"mxyt-comments mxyt-tip\" title=\"Number of comments\"><i class=\"mxyt-icon mxyt-icon-comments\"><\/i> 1<\/div>\r\n        <\/div>\r\n        <\/div>\r\n                <\/div>\r\n                <\/div><div class=\"mxyt-brow\">                <div class=\"mxyt-bcol-3\">\r\n                    <div class=\"mxyt-playlist-item\">\r\n    <div class=\"mxyt-video \">\r\n        <a href=\"https:\/\/youtu.be\/m9_5tWMeDJo?rel=0&autoplay=1&showinfo=1\" data-ratio=\"1.78\" class=\"mxyt-img-placeholder mxyt-videolink  mxyt-lightbox\" data-fancybox=\"mxYouTubeR:d7e6991084ed8ccefb77b96934290401\" target=\"_blank\"><img decoding=\"async\" src=\"https:\/\/i.ytimg.com\/vi\/m9_5tWMeDJo\/mqdefault.jpg\" alt=\"Hr&oacute;kering\" \/><span class=\"mxyt-play\"><i class=\"mxyt-icon mxyt-icon-play\"><\/i><\/span><span class=\"mxyt-time\">3:21<\/span><\/a>    <\/div>\r\n            <div class=\"mxyt-title\">\r\n            <h3>Hr\u00f3kering<\/h3>        <\/div>\r\n                <div class=\"mxyt-description\">\r\n            <div class=\"mxyt-text-description mxyt-less\"><div class=\"mxyt-text-description-full\">A\u00f0 hr\u00f3kera er lei\u00f0 til \u00feess a\u00f0 koma k\u00f3ngnum \u00ed \u00f6ruggt skj\u00f3l. \u00dea\u00f0 getur veri\u00f0 mj\u00f6g skynsamlegt a\u00f0 hr\u00f3kera snemma \u00ed sk\u00e1kinni.<\/div><\/div>\r\n        <\/div>\r\n                <div class=\"mxyt-meta\">\r\n            <div class=\"mxyt-views mxyt-tip\" title=\"Number of views\"><i class=\"mxyt-icon mxyt-icon-views\"><\/i> 2185<\/div>\r\n            <div class=\"mxyt-likes mxyt-tip\" title=\"Number of likes\"><i class=\"mxyt-icon mxyt-icon-likes\"><\/i> 6<\/div>\r\n            <div class=\"mxyt-comments mxyt-tip\" title=\"Number of comments\"><i class=\"mxyt-icon mxyt-icon-comments\"><\/i> 1<\/div>\r\n        <\/div>\r\n        <\/div>\r\n                <\/div>\r\n                                <div class=\"mxyt-bcol-3\">\r\n                    <div class=\"mxyt-playlist-item\">\r\n    <div class=\"mxyt-video \">\r\n        <a href=\"https:\/\/youtu.be\/Yg5SzOeIDQU?rel=0&autoplay=1&showinfo=1\" data-ratio=\"1.78\" class=\"mxyt-img-placeholder mxyt-videolink  mxyt-lightbox\" data-fancybox=\"mxYouTubeR:d7e6991084ed8ccefb77b96934290401\" target=\"_blank\"><img decoding=\"async\" src=\"https:\/\/i.ytimg.com\/vi\/Yg5SzOeIDQU\/mqdefault.jpg\" alt=\"A&eth; lofta &uacute;t fyrir k&oacute;nginn\" \/><span class=\"mxyt-play\"><i class=\"mxyt-icon mxyt-icon-play\"><\/i><\/span><span class=\"mxyt-time\">3:24<\/span><\/a>    <\/div>\r\n            <div class=\"mxyt-title\">\r\n            <h3>A\u00f0 lofta \u00fat fyrir k\u00f3nginn<\/h3>        <\/div>\r\n                <div class=\"mxyt-description\">\r\n            <div class=\"mxyt-text-description mxyt-less\"><div class=\"mxyt-text-description-full\">\u00d6ryggi k\u00f3ngsins er eitt \u00fea\u00f0 mikilv\u00e6gasta \u00ed sk\u00e1k. \u00cd \u00feessu myndbandi er fari\u00f0 yfir hvernig b\u00e6ta m\u00e1 k\u00f3ngst\u00f6\u00f0una.<\/div><\/div>\r\n        <\/div>\r\n                <div class=\"mxyt-meta\">\r\n            <div class=\"mxyt-views mxyt-tip\" title=\"Number of views\"><i class=\"mxyt-icon mxyt-icon-views\"><\/i> 473<\/div>\r\n            <div class=\"mxyt-likes mxyt-tip\" title=\"Number of likes\"><i class=\"mxyt-icon mxyt-icon-likes\"><\/i> 1<\/div>\r\n            <div class=\"mxyt-comments mxyt-tip\" title=\"Number of comments\"><i class=\"mxyt-icon mxyt-icon-comments\"><\/i> 0<\/div>\r\n        <\/div>\r\n        <\/div>\r\n                <\/div>\r\n                                <div class=\"mxyt-bcol-3\">\r\n                    <div class=\"mxyt-playlist-item\">\r\n    <div class=\"mxyt-video \">\r\n        <a href=\"https:\/\/youtu.be\/XVDMCIH8ngY?rel=0&autoplay=1&showinfo=1\" data-ratio=\"1.78\" class=\"mxyt-img-placeholder mxyt-videolink  mxyt-lightbox\" data-fancybox=\"mxYouTubeR:d7e6991084ed8ccefb77b96934290401\" target=\"_blank\"><img decoding=\"async\" src=\"https:\/\/i.ytimg.com\/vi\/XVDMCIH8ngY\/mqdefault.jpg\" alt=\"Fr&aacute;sk&aacute;k og tv&iacute;sk&aacute;k\" \/><span class=\"mxyt-play\"><i class=\"mxyt-icon mxyt-icon-play\"><\/i><\/span><span class=\"mxyt-time\">3:16<\/span><\/a>    <\/div>\r\n            <div class=\"mxyt-title\">\r\n            <h3>Fr\u00e1sk\u00e1k og tv\u00edsk\u00e1k<\/h3>        <\/div>\r\n                <div class=\"mxyt-description\">\r\n            <div class=\"mxyt-text-description mxyt-less\"><div class=\"mxyt-text-description-full\">Fr\u00e1sk\u00e1k og tv\u00edsk\u00e1k eru \u00f6flug vopn. \u00cd \u00feessu myndbandi f\u00f6rum vi\u00f0 yfir hvernig h\u00e6gt er a\u00f0 notf\u00e6ra s\u00e9r \u00feau!<\/div><\/div>\r\n        <\/div>\r\n                <div class=\"mxyt-meta\">\r\n            <div class=\"mxyt-views mxyt-tip\" title=\"Number of views\"><i class=\"mxyt-icon mxyt-icon-views\"><\/i> 356<\/div>\r\n            <div class=\"mxyt-likes mxyt-tip\" title=\"Number of likes\"><i class=\"mxyt-icon mxyt-icon-likes\"><\/i> 2<\/div>\r\n            <div class=\"mxyt-comments mxyt-tip\" title=\"Number of comments\"><i class=\"mxyt-icon mxyt-icon-comments\"><\/i> 0<\/div>\r\n        <\/div>\r\n        <\/div>\r\n                <\/div>\r\n                <\/div><div class=\"mxyt-brow\">                <div class=\"mxyt-bcol-3\">\r\n                    <div class=\"mxyt-playlist-item\">\r\n    <div class=\"mxyt-video \">\r\n        <a href=\"https:\/\/youtu.be\/ya_lXDYU0Ys?rel=0&autoplay=1&showinfo=1\" data-ratio=\"1.78\" class=\"mxyt-img-placeholder mxyt-videolink  mxyt-lightbox\" data-fancybox=\"mxYouTubeR:d7e6991084ed8ccefb77b96934290401\" target=\"_blank\"><img decoding=\"async\" src=\"https:\/\/i.ytimg.com\/vi\/ya_lXDYU0Ys\/mqdefault.jpg\" alt=\"&Uacute;rvinnsla\" \/><span class=\"mxyt-play\"><i class=\"mxyt-icon mxyt-icon-play\"><\/i><\/span><span class=\"mxyt-time\">7:24<\/span><\/a>    <\/div>\r\n            <div class=\"mxyt-title\">\r\n            <h3>\u00darvinnsla<\/h3>        <\/div>\r\n                <div class=\"mxyt-description\">\r\n            <div class=\"mxyt-text-description mxyt-less\"><div class=\"mxyt-text-description-full\">\u00deegar vi\u00f0 erum komin me\u00f0 v\u00e6nlega st\u00f6\u00f0u fer m\u00e1li\u00f0 a\u00f0 sn\u00faast um a\u00f0 vinna \u00far yfirbur\u00f0unum. A\u00f0 l\u00e9tta \u00e1 st\u00f6\u00f0unni, fara \u00ed uppskipti og einfalda m\u00e1li\u00f0 er \u00fea\u00f0 sem \u00farvinnsla, \u00ed unninni st\u00f6\u00f0u, sn\u00fdst um.<\/div><\/div>\r\n        <\/div>\r\n                <div class=\"mxyt-meta\">\r\n            <div class=\"mxyt-views mxyt-tip\" title=\"Number of views\"><i class=\"mxyt-icon mxyt-icon-views\"><\/i> 182<\/div>\r\n            <div class=\"mxyt-likes mxyt-tip\" title=\"Number of likes\"><i class=\"mxyt-icon mxyt-icon-likes\"><\/i> 2<\/div>\r\n            <div class=\"mxyt-comments mxyt-tip\" title=\"Number of comments\"><i class=\"mxyt-icon mxyt-icon-comments\"><\/i> 0<\/div>\r\n        <\/div>\r\n        <\/div>\r\n                <\/div>\r\n                                <div class=\"mxyt-bcol-3\">\r\n                    <div class=\"mxyt-playlist-item\">\r\n    <div class=\"mxyt-video \">\r\n        <a href=\"https:\/\/youtu.be\/SVkF96jUNdE?rel=0&autoplay=1&showinfo=1\" data-ratio=\"1.78\" class=\"mxyt-img-placeholder mxyt-videolink  mxyt-lightbox\" data-fancybox=\"mxYouTubeR:d7e6991084ed8ccefb77b96934290401\" target=\"_blank\"><img decoding=\"async\" src=\"https:\/\/i.ytimg.com\/vi\/SVkF96jUNdE\/mqdefault.jpg\" alt=\"M&aacute;t me&eth; drottningu\" \/><span class=\"mxyt-play\"><i class=\"mxyt-icon mxyt-icon-play\"><\/i><\/span><span class=\"mxyt-time\">3:36<\/span><\/a>    <\/div>\r\n            <div class=\"mxyt-title\">\r\n            <h3>M\u00e1t me\u00f0 drottningu<\/h3>        <\/div>\r\n                <div class=\"mxyt-description\">\r\n            <div class=\"mxyt-text-description mxyt-less\"><div class=\"mxyt-text-description-full\">\u00cd \u00feessu myndbandi er fari\u00f0 yfir hvernig best er a\u00f0 m\u00e1ta me\u00f0 drottningu og k\u00f3ng gegn k\u00f3ngi andst\u00e6\u00f0ingsins.<\/div><\/div>\r\n        <\/div>\r\n                <div class=\"mxyt-meta\">\r\n            <div class=\"mxyt-views mxyt-tip\" title=\"Number of views\"><i class=\"mxyt-icon mxyt-icon-views\"><\/i> 260<\/div>\r\n            <div class=\"mxyt-likes mxyt-tip\" title=\"Number of likes\"><i class=\"mxyt-icon mxyt-icon-likes\"><\/i> 0<\/div>\r\n            <div class=\"mxyt-comments mxyt-tip\" title=\"Number of comments\"><i class=\"mxyt-icon mxyt-icon-comments\"><\/i> 0<\/div>\r\n        <\/div>\r\n        <\/div>\r\n                <\/div>\r\n                                <div class=\"mxyt-bcol-3\">\r\n                    <div class=\"mxyt-playlist-item\">\r\n    <div class=\"mxyt-video \">\r\n        <a href=\"https:\/\/youtu.be\/smlwMZ8Ed-c?rel=0&autoplay=1&showinfo=1\" data-ratio=\"1.78\" class=\"mxyt-img-placeholder mxyt-videolink  mxyt-lightbox\" data-fancybox=\"mxYouTubeR:d7e6991084ed8ccefb77b96934290401\" target=\"_blank\"><img decoding=\"async\" src=\"https:\/\/i.ytimg.com\/vi\/smlwMZ8Ed-c\/mqdefault.jpg\" alt=\"M&aacute;t me&eth; hr&oacute;k\" \/><span class=\"mxyt-play\"><i class=\"mxyt-icon mxyt-icon-play\"><\/i><\/span><span class=\"mxyt-time\">6:50<\/span><\/a>    <\/div>\r\n            <div class=\"mxyt-title\">\r\n            <h3>M\u00e1t me\u00f0 hr\u00f3k<\/h3>        <\/div>\r\n                <div class=\"mxyt-description\">\r\n            <div class=\"mxyt-text-description mxyt-less\"><div class=\"mxyt-text-description-full\">\u00cd \u00feessu myndbandi er fari\u00f0 yfir hvernig er best a\u00f0 m\u00e1ta me\u00f0 hr\u00f3k og k\u00f3ng gegn k\u00f3ngi andst\u00e6\u00f0ingsins.<\/div><\/div>\r\n        <\/div>\r\n                <div class=\"mxyt-meta\">\r\n            <div class=\"mxyt-views mxyt-tip\" title=\"Number of views\"><i class=\"mxyt-icon mxyt-icon-views\"><\/i> 218<\/div>\r\n            <div class=\"mxyt-likes mxyt-tip\" title=\"Number of likes\"><i class=\"mxyt-icon mxyt-icon-likes\"><\/i> 1<\/div>\r\n            <div class=\"mxyt-comments mxyt-tip\" title=\"Number of comments\"><i class=\"mxyt-icon mxyt-icon-comments\"><\/i> 0<\/div>\r\n        <\/div>\r\n        <\/div>\r\n                <\/div>\r\n                <\/div><div class=\"mxyt-brow\">                <div class=\"mxyt-bcol-3\">\r\n                    <div class=\"mxyt-playlist-item\">\r\n    <div class=\"mxyt-video \">\r\n        <a href=\"https:\/\/youtu.be\/tdJwu2TsUFA?rel=0&autoplay=1&showinfo=1\" data-ratio=\"1.78\" class=\"mxyt-img-placeholder mxyt-videolink  mxyt-lightbox\" data-fancybox=\"mxYouTubeR:d7e6991084ed8ccefb77b96934290401\" target=\"_blank\"><img decoding=\"async\" src=\"https:\/\/i.ytimg.com\/vi\/tdJwu2TsUFA\/mqdefault.jpg\" alt=\"&THORN;vingandi leikir\" \/><span class=\"mxyt-play\"><i class=\"mxyt-icon mxyt-icon-play\"><\/i><\/span><span class=\"mxyt-time\">15:03<\/span><\/a>    <\/div>\r\n            <div class=\"mxyt-title\">\r\n            <h3>\u00devingandi leikir<\/h3>        <\/div>\r\n                <div class=\"mxyt-description\">\r\n            <div class=\"mxyt-text-description mxyt-less\"><div class=\"mxyt-text-description-full\">\u00cd sk\u00e1k er gagnlegt a\u00f0 temja s\u00e9r a\u00f0 hugsa fyrst um \u00fevingandi leiki - sk\u00e1kir - dr\u00e1p - og h\u00f3tanir.<\/div><\/div>\r\n        <\/div>\r\n                <div class=\"mxyt-meta\">\r\n            <div class=\"mxyt-views mxyt-tip\" title=\"Number of views\"><i class=\"mxyt-icon mxyt-icon-views\"><\/i> 282<\/div>\r\n            <div class=\"mxyt-likes mxyt-tip\" title=\"Number of likes\"><i class=\"mxyt-icon mxyt-icon-likes\"><\/i> 6<\/div>\r\n            <div class=\"mxyt-comments mxyt-tip\" title=\"Number of comments\"><i class=\"mxyt-icon mxyt-icon-comments\"><\/i> 0<\/div>\r\n        <\/div>\r\n        <\/div>\r\n                <\/div>\r\n                        <\/div>\r\n    <\/div>\r\n    \r\n\t<\/section><\/div><\/div><\/div><\/div>\r\n\t\t<script>\r\n\r\n\t\t\tjQuery(window).load(function () {\r\n\t\t\t\tjQuery('body').find('#td_uid_1_69f7d57b10870 .td-element-style').each(function (index, element) {\r\n\t\t\t\t\tjQuery(element).css('opacity', 1);\r\n\t\t\t\t\treturn;\r\n\t\t\t\t});\r\n\t\t\t});\r\n\r\n\t\t<\/script>\r\n\r\n\t\t\r\n\t\t\t<script>\r\n\r\n\t\t\t\tjQuery(window).ready(function () {\r\n\r\n\t\t\t\t\t\/\/ We need timeout because the content must be rendered and interpreted on client\r\n\t\t\t\t\tsetTimeout(function () {\r\n\r\n\t\t\t\t\t\tvar $content = jQuery('body').find('#tdc-live-iframe'),\r\n\t\t\t\t\t\t\trefWindow = undefined;\r\n\r\n\t\t\t\t\t\tif ($content.length) {\r\n\t\t\t\t\t\t\t$content = $content.contents();\r\n\t\t\t\t\t\t\trefWindow = document.getElementById('tdc-live-iframe').contentWindow || document.getElementById('tdc-live-iframe').contentDocument;\r\n\r\n\t\t\t\t\t\t} else {\r\n\t\t\t\t\t\t\t$content = jQuery('body');\r\n\t\t\t\t\t\t\trefWindow = window;\r\n\t\t\t\t\t\t}\r\n\r\n\t\t\t\t\t\t$content.find('#td_uid_1_69f7d57b10870 .td-element-style').each(function (index, element) {\r\n\t\t\t\t\t\t\tjQuery(element).css('opacity', 1);\r\n\t\t\t\t\t\t\treturn;\r\n\t\t\t\t\t\t});\r\n\t\t\t\t\t});\r\n\r\n\t\t\t\t}, 200);\r\n\t\t\t<\/script>\r\n\r\n\t\t\t","protected":false},"excerpt":{"rendered":"<p>10:08 Manngangurinn og vir\u00f0i taflmannanna \u00cd \u00feessu myndbandi er fari\u00f0 yfir vir\u00f0i taflmannanna og hvernig m\u00e1 hreyfa \u00fe\u00e1. 1418 4 0 6:35 A\u00f0 byrja sk\u00e1k \u00dea\u00f0 er mikilv\u00e6gt a\u00f0 velja s\u00e9r g\u00f3\u00f0a lei\u00f0 til \u00feess a\u00f0 hefja sk\u00e1kina. A\u00f0alatri\u00f0i\u00f0 er a\u00f0 koma m\u00f6nnunum \u00e1 framf\u00e6ri, berjast um mi\u00f0bor\u00f0i\u00f0 og koma k\u00f3ngnum \u00ed skj\u00f3l. 1911 11 [...]<\/p>\n","protected":false},"author":1,"featured_media":0,"parent":0,"menu_order":0,"comment_status":"closed","ping_status":"closed","template":"","meta":{"footnotes":""},"class_list":["post-470","page","type-page","status-publish","hentry"],"_links":{"self":[{"href":"https:\/\/skak.is\/skakkennsla\/wp-json\/wp\/v2\/pages\/470","targetHints":{"allow":["GET"]}}],"collection":[{"href":"https:\/\/skak.is\/skakkennsla\/wp-json\/wp\/v2\/pages"}],"about":[{"href":"https:\/\/skak.is\/skakkennsla\/wp-json\/wp\/v2\/types\/page"}],"author":[{"embeddable":true,"href":"https:\/\/skak.is\/skakkennsla\/wp-json\/wp\/v2\/users\/1"}],"replies":[{"embeddable":true,"href":"https:\/\/skak.is\/skakkennsla\/wp-json\/wp\/v2\/comments?post=470"}],"version-history":[{"count":1,"href":"https:\/\/skak.is\/skakkennsla\/wp-json\/wp\/v2\/pages\/470\/revisions"}],"predecessor-version":[{"id":471,"href":"https:\/\/skak.is\/skakkennsla\/wp-json\/wp\/v2\/pages\/470\/revisions\/471"}],"wp:attachment":[{"href":"https:\/\/skak.is\/skakkennsla\/wp-json\/wp\/v2\/media?parent=470"}],"curies":[{"name":"wp","href":"https:\/\/api.w.org\/{rel}","templated":true}]}}