{"id":472,"date":"2018-08-24T06:54:51","date_gmt":"2018-08-24T06:54:51","guid":{"rendered":"https:\/\/skak.is\/skakkennsla\/?page_id=472"},"modified":"2018-08-24T06:54:51","modified_gmt":"2018-08-24T06:54:51","slug":"islensku-stormeistararnir","status":"publish","type":"page","link":"https:\/\/skak.is\/skakkennsla\/islensku-stormeistararnir\/","title":{"rendered":"\u00cdslensku st\u00f3rmeistararnir"},"content":{"rendered":"<div id=\"td_uid_1_69f7ebce8c243\" class=\"tdc-row\"><div class=\"vc_row td_uid_1_69f7ebce8c249_rand  wpb_row td-pb-row\" >\n<style scoped>\n\n\/* custom css *\/\n.td_uid_1_69f7ebce8c249_rand {\r\n                    min-height: 0;\r\n                }\n<\/style><div class=\"vc_column td_uid_2_69f7ebce8c3d2_rand  wpb_column vc_column_container tdc-column td-pb-span12\"><div class=\"wpb_wrapper\"><section class=\"mxYouTubeR mxYouTubeR_playlist mxYouTubeR_theme_default\">\r\n\t<div class=\"mxyt-playlist mxyt-cols-sm\">\r\n    \t<div class=\"mxyt-brow\">\r\n\t\t\t                <div class=\"mxyt-bcol-3\">\r\n                    <div class=\"mxyt-playlist-item\">\r\n    <div class=\"mxyt-video \">\r\n        <a href=\"https:\/\/youtu.be\/j1kRY9rtdiQ?rel=0&autoplay=1&showinfo=1\" data-ratio=\"1.78\" class=\"mxyt-img-placeholder mxyt-videolink  mxyt-lightbox\" data-fancybox=\"mxYouTubeR:1755d7d593621af7f76f56048638b846\" target=\"_blank\"><img decoding=\"async\" src=\"https:\/\/i.ytimg.com\/vi\/j1kRY9rtdiQ\/mqdefault.jpg\" alt=\"Fri&eth;rik &Oacute;lafsson\" \/><span class=\"mxyt-play\"><i class=\"mxyt-icon mxyt-icon-play\"><\/i><\/span><span class=\"mxyt-time\">14:46<\/span><\/a>    <\/div>\r\n            <div class=\"mxyt-title\">\r\n            <h3>Fri\u00f0rik \u00d3lafsson<\/h3>        <\/div>\r\n                <div class=\"mxyt-description\">\r\n            <div class=\"mxyt-text-description mxyt-less\"><div class=\"mxyt-text-description-full\">Fri\u00f0rik \u00d3lafsson er fyrsti \u00edslenski st\u00f3rmeistarinn, f\u00e6ddur \u00e1ri\u00f0 1935. Fri\u00f0rik var\u00f0 st\u00f3rmeistari \u00e1ri\u00f0 1958. Hann hefur lagt marga heimsmeistara \u00ed sk\u00e1k, m.a. Bobby Fischer tvisvar! Fri\u00f0rik hefur einnig starfa\u00f0 sem forseti al\u00fej\u00f3\u00f0ask\u00e1ksambandsins, FIDE. Fri\u00f0rik hefur skemmtilegan s\u00f3knarsk\u00e1kst\u00edl og n\u00fdtur s\u00edn best \u00feegar hann hefur frumkv\u00e6\u00f0i\u00f0. Af \u00feessum s\u00f6kum hefur Fri\u00f0rik teflt margar gl\u00e6silegar sk\u00e1kir \u00e1 ferlinum, fyrir okkur hin a\u00f0 nj\u00f3ta.<\/div><\/div>\r\n        <\/div>\r\n                <div class=\"mxyt-meta\">\r\n            <div class=\"mxyt-views mxyt-tip\" title=\"Number of views\"><i class=\"mxyt-icon mxyt-icon-views\"><\/i> 210<\/div>\r\n            <div class=\"mxyt-likes mxyt-tip\" title=\"Number of likes\"><i class=\"mxyt-icon mxyt-icon-likes\"><\/i> 3<\/div>\r\n            <div class=\"mxyt-comments mxyt-tip\" title=\"Number of comments\"><i class=\"mxyt-icon mxyt-icon-comments\"><\/i> 0<\/div>\r\n        <\/div>\r\n        <\/div>\r\n                <\/div>\r\n                                <div class=\"mxyt-bcol-3\">\r\n                    <div class=\"mxyt-playlist-item\">\r\n    <div class=\"mxyt-video \">\r\n        <a href=\"https:\/\/youtu.be\/nHfZrndsZWw?rel=0&autoplay=1&showinfo=1\" data-ratio=\"1.78\" class=\"mxyt-img-placeholder mxyt-videolink  mxyt-lightbox\" data-fancybox=\"mxYouTubeR:1755d7d593621af7f76f56048638b846\" target=\"_blank\"><img decoding=\"async\" src=\"https:\/\/i.ytimg.com\/vi\/nHfZrndsZWw\/mqdefault.jpg\" alt=\"Gu&eth;mundur Sigurj&oacute;nsson\" \/><span class=\"mxyt-play\"><i class=\"mxyt-icon mxyt-icon-play\"><\/i><\/span><span class=\"mxyt-time\">10:38<\/span><\/a>    <\/div>\r\n            <div class=\"mxyt-title\">\r\n            <h3>Gu\u00f0mundur Sigurj\u00f3nsson<\/h3>        <\/div>\r\n                <div class=\"mxyt-description\">\r\n            <div class=\"mxyt-text-description mxyt-less\"><div class=\"mxyt-text-description-full\">Gu\u00f0mundur Sigurj\u00f3nsson er annar \u00edslenski st\u00f3rmeistarinn. Hann var\u00f0 al\u00fej\u00f3\u00f0legur meistari \u00e1ri\u00f0 1970 og st\u00f3rmeistari \u00e1ri\u00f0 1975. Hann hefur sigra\u00f0 \u00e1 sterkum \u00cdslands- og Reykjav\u00edkurm\u00f3tum. Gu\u00f0mundur hefur einnig sinnt starfi a\u00f0sto\u00f0armanns og komi\u00f0 a\u00f0 \u00fej\u00e1lfun sterkra sk\u00e1kmanna.<\/div><\/div>\r\n        <\/div>\r\n                <div class=\"mxyt-meta\">\r\n            <div class=\"mxyt-views mxyt-tip\" title=\"Number of views\"><i class=\"mxyt-icon mxyt-icon-views\"><\/i> 113<\/div>\r\n            <div class=\"mxyt-likes mxyt-tip\" title=\"Number of likes\"><i class=\"mxyt-icon mxyt-icon-likes\"><\/i> 3<\/div>\r\n            <div class=\"mxyt-comments mxyt-tip\" title=\"Number of comments\"><i class=\"mxyt-icon mxyt-icon-comments\"><\/i> 0<\/div>\r\n        <\/div>\r\n        <\/div>\r\n                <\/div>\r\n                                <div class=\"mxyt-bcol-3\">\r\n                    <div class=\"mxyt-playlist-item\">\r\n    <div class=\"mxyt-video \">\r\n        <a href=\"https:\/\/youtu.be\/xwoadsc9iYc?rel=0&autoplay=1&showinfo=1\" data-ratio=\"1.78\" class=\"mxyt-img-placeholder mxyt-videolink  mxyt-lightbox\" data-fancybox=\"mxYouTubeR:1755d7d593621af7f76f56048638b846\" target=\"_blank\"><img decoding=\"async\" src=\"https:\/\/i.ytimg.com\/vi\/xwoadsc9iYc\/mqdefault.jpg\" alt=\"Helgi &Oacute;lafsson\" \/><span class=\"mxyt-play\"><i class=\"mxyt-icon mxyt-icon-play\"><\/i><\/span><span class=\"mxyt-time\">12:16<\/span><\/a>    <\/div>\r\n            <div class=\"mxyt-title\">\r\n            <h3>Helgi \u00d3lafsson<\/h3>        <\/div>\r\n                <div class=\"mxyt-description\">\r\n            <div class=\"mxyt-text-description mxyt-less\"><div class=\"mxyt-text-description-full\">Helgi \u00d3lafsson er \u00feri\u00f0ji \u00edslenski st\u00f3rmeistarinn. Hann var\u00f0 al\u00fej\u00f3\u00f0legur meistari \u00e1ri\u00f0 1978 og st\u00f3rmeistari \u00ed sk\u00e1k \u00e1ri\u00f0 1985. Helgi hefur n\u00e1\u00f0 30. s\u00e6ti \u00e1 heimslistanum og lagt marga af sterkustu sk\u00e1km\u00f6nnum heims. Helgi hefur sex sinnum or\u00f0i\u00f0 \u00cdslandsmeistari \u00ed sk\u00e1k, sigra\u00f0 tvisvar \u00e1 Reykjav\u00edkursk\u00e1km\u00f3tum og or\u00f0i\u00f0 hra\u00f0sk\u00e1kmeistari og atsk\u00e1kmeistari \u00cdslands oftar en g\u00f3\u00f0u h\u00f3fi gegnir! Helgi er einnig virtur sk\u00e1k\u00fej\u00e1lfari og hefur komi\u00f0 a\u00f0 \u00fej\u00e1lfun sterkustu ungmenna \u00cdslands um \u00e1rabil.<\/div><\/div>\r\n        <\/div>\r\n                <div class=\"mxyt-meta\">\r\n            <div class=\"mxyt-views mxyt-tip\" title=\"Number of views\"><i class=\"mxyt-icon mxyt-icon-views\"><\/i> 235<\/div>\r\n            <div class=\"mxyt-likes mxyt-tip\" title=\"Number of likes\"><i class=\"mxyt-icon mxyt-icon-likes\"><\/i> 7<\/div>\r\n            <div class=\"mxyt-comments mxyt-tip\" title=\"Number of comments\"><i class=\"mxyt-icon mxyt-icon-comments\"><\/i> 0<\/div>\r\n        <\/div>\r\n        <\/div>\r\n                <\/div>\r\n                <\/div><div class=\"mxyt-brow\">                <div class=\"mxyt-bcol-3\">\r\n                    <div class=\"mxyt-playlist-item\">\r\n    <div class=\"mxyt-video \">\r\n        <a href=\"https:\/\/youtu.be\/LwaUqTMu5t0?rel=0&autoplay=1&showinfo=1\" data-ratio=\"1.78\" class=\"mxyt-img-placeholder mxyt-videolink  mxyt-lightbox\" data-fancybox=\"mxYouTubeR:1755d7d593621af7f76f56048638b846\" target=\"_blank\"><img decoding=\"async\" src=\"https:\/\/i.ytimg.com\/vi\/LwaUqTMu5t0\/mqdefault.jpg\" alt=\"J&oacute;n L. &Aacute;rnason\" \/><span class=\"mxyt-play\"><i class=\"mxyt-icon mxyt-icon-play\"><\/i><\/span><span class=\"mxyt-time\">6:51<\/span><\/a>    <\/div>\r\n            <div class=\"mxyt-title\">\r\n            <h3>J\u00f3n L. \u00c1rnason<\/h3>        <\/div>\r\n                <div class=\"mxyt-description\">\r\n            <div class=\"mxyt-text-description mxyt-less\"><div class=\"mxyt-text-description-full\">J\u00f3n L. \u00c1rnason er sj\u00f6tti st\u00f3rmeistari \u00cdslands. Hann var\u00f0 heimsmeistari sveina \u00e1ri\u00f0 1977. J\u00f3n var\u00f0 al\u00fej\u00f3\u00f0legur meistari \u00e1ri\u00f0 1979 og st\u00f3rmeistari \u00e1ri\u00f0 1986. Hann hefur hvassan og mj\u00f6g skemmtilegan s\u00f3knarsk\u00e1kst\u00edl og n\u00fdtur s\u00edn best \u00ed fl\u00f3knum og hv\u00f6ssum st\u00f6\u00f0um.<\/div><\/div>\r\n        <\/div>\r\n                <div class=\"mxyt-meta\">\r\n            <div class=\"mxyt-views mxyt-tip\" title=\"Number of views\"><i class=\"mxyt-icon mxyt-icon-views\"><\/i> 94<\/div>\r\n            <div class=\"mxyt-likes mxyt-tip\" title=\"Number of likes\"><i class=\"mxyt-icon mxyt-icon-likes\"><\/i> 1<\/div>\r\n            <div class=\"mxyt-comments mxyt-tip\" title=\"Number of comments\"><i class=\"mxyt-icon mxyt-icon-comments\"><\/i> 0<\/div>\r\n        <\/div>\r\n        <\/div>\r\n                <\/div>\r\n                                <div class=\"mxyt-bcol-3\">\r\n                    <div class=\"mxyt-playlist-item\">\r\n    <div class=\"mxyt-video \">\r\n        <a href=\"https:\/\/youtu.be\/CCWJnGUAy4E?rel=0&autoplay=1&showinfo=1\" data-ratio=\"1.78\" class=\"mxyt-img-placeholder mxyt-videolink  mxyt-lightbox\" data-fancybox=\"mxYouTubeR:1755d7d593621af7f76f56048638b846\" target=\"_blank\"><img decoding=\"async\" src=\"https:\/\/i.ytimg.com\/vi\/CCWJnGUAy4E\/mqdefault.jpg\" alt=\"&THORN;r&ouml;stur &THORN;&oacute;rhallsson\" \/><span class=\"mxyt-play\"><i class=\"mxyt-icon mxyt-icon-play\"><\/i><\/span><span class=\"mxyt-time\">6:03<\/span><\/a>    <\/div>\r\n            <div class=\"mxyt-title\">\r\n            <h3>\u00der\u00f6stur \u00de\u00f3rhallsson<\/h3>        <\/div>\r\n                <div class=\"mxyt-description\">\r\n            <div class=\"mxyt-text-description mxyt-less\"><div class=\"mxyt-text-description-full\">\u00der\u00f6stur \u00de\u00f3rhallsson er n\u00edundi st\u00f3rmeistari \u00cdslands. \u00der\u00f6stur var\u00f0 al\u00fej\u00f3\u00f0legur meistari \u00e1ri\u00f0 1987 og st\u00f3rmeistari \u00e1ri\u00f0 1996. Hann var\u00f0 \u00cdslandsmeistari \u00e1ri\u00f0 2012. \u00der\u00f6stur hefur afar n\u00e6mt auga fyrir fl\u00e9ttum og hefur s\u00e9rstaklega veri\u00f0 tala\u00f0 um h\u00e6fni hans til a\u00f0 beita riddurunum \u00ed s\u00f3knarst\u00f6\u00f0um. Af \u00feessum s\u00f6kum hefur hann oft veri\u00f0 kalla\u00f0ur riddarameistarinn!<\/div><\/div>\r\n        <\/div>\r\n                <div class=\"mxyt-meta\">\r\n            <div class=\"mxyt-views mxyt-tip\" title=\"Number of views\"><i class=\"mxyt-icon mxyt-icon-views\"><\/i> 81<\/div>\r\n            <div class=\"mxyt-likes mxyt-tip\" title=\"Number of likes\"><i class=\"mxyt-icon mxyt-icon-likes\"><\/i> 3<\/div>\r\n            <div class=\"mxyt-comments mxyt-tip\" title=\"Number of comments\"><i class=\"mxyt-icon mxyt-icon-comments\"><\/i> 0<\/div>\r\n        <\/div>\r\n        <\/div>\r\n                <\/div>\r\n                                <div class=\"mxyt-bcol-3\">\r\n                    <div class=\"mxyt-playlist-item\">\r\n    <div class=\"mxyt-video \">\r\n        <a href=\"https:\/\/youtu.be\/gw9E-3-NWww?rel=0&autoplay=1&showinfo=1\" data-ratio=\"1.78\" class=\"mxyt-img-placeholder mxyt-videolink  mxyt-lightbox\" data-fancybox=\"mxYouTubeR:1755d7d593621af7f76f56048638b846\" target=\"_blank\"><img decoding=\"async\" src=\"https:\/\/i.ytimg.com\/vi\/gw9E-3-NWww\/mqdefault.jpg\" alt=\"Hj&ouml;rvar Steinn Gr&eacute;tarsson\" \/><span class=\"mxyt-play\"><i class=\"mxyt-icon mxyt-icon-play\"><\/i><\/span><span class=\"mxyt-time\">11:50<\/span><\/a>    <\/div>\r\n            <div class=\"mxyt-title\">\r\n            <h3>Hj\u00f6rvar Steinn Gr\u00e9tarsson<\/h3>        <\/div>\r\n                <div class=\"mxyt-description\">\r\n            <div class=\"mxyt-text-description mxyt-less\"><div class=\"mxyt-text-description-full\">Hj\u00f6rvar Steinn Gr\u00e9tarsson er \u00ferett\u00e1ndi st\u00f3rmeistari \u00cdslands. Hann er margfaldur \u00cdslands- og Nor\u00f0urlandameistari \u00ed einstaklings- og sveitakeppnum. Hann var\u00f0 al\u00fej\u00f3\u00f0legur meistari \u00e1ri\u00f0 2012 og st\u00f3rmeistari \u00e1ri\u00f0 2013. Hj\u00f6rvar hefur mj\u00f6g g\u00f3\u00f0an st\u00f6\u00f0uskilning og hefur einstaka h\u00e6fileika til \u00feess a\u00f0 b\u00e6ta st\u00f6\u00f0u s\u00edna jafnt og \u00fe\u00e9tt og takmarka allt m\u00f3tspil andst\u00e6\u00f0ingsins.<\/div><\/div>\r\n        <\/div>\r\n                <div class=\"mxyt-meta\">\r\n            <div class=\"mxyt-views mxyt-tip\" title=\"Number of views\"><i class=\"mxyt-icon mxyt-icon-views\"><\/i> 124<\/div>\r\n            <div class=\"mxyt-likes mxyt-tip\" title=\"Number of likes\"><i class=\"mxyt-icon mxyt-icon-likes\"><\/i> 1<\/div>\r\n            <div class=\"mxyt-comments mxyt-tip\" title=\"Number of comments\"><i class=\"mxyt-icon mxyt-icon-comments\"><\/i> 0<\/div>\r\n        <\/div>\r\n        <\/div>\r\n                <\/div>\r\n                <\/div><div class=\"mxyt-brow\">                <div class=\"mxyt-bcol-3\">\r\n                    <div class=\"mxyt-playlist-item\">\r\n    <div class=\"mxyt-video \">\r\n        <a href=\"https:\/\/youtu.be\/iy0MV7PhlRk?rel=0&autoplay=1&showinfo=1\" data-ratio=\"1.78\" class=\"mxyt-img-placeholder mxyt-videolink  mxyt-lightbox\" data-fancybox=\"mxYouTubeR:1755d7d593621af7f76f56048638b846\" target=\"_blank\"><img decoding=\"async\" src=\"https:\/\/i.ytimg.com\/vi\/iy0MV7PhlRk\/mqdefault.jpg\" alt=\"Vignir Vatnar - fyrirlestur um Fri&eth;rik &Oacute;lafsson - Sk&aacute;kdagurinn 2026\" \/><span class=\"mxyt-play\"><i class=\"mxyt-icon mxyt-icon-play\"><\/i><\/span><span class=\"mxyt-time\">1:10:16<\/span><\/a>    <\/div>\r\n            <div class=\"mxyt-title\">\r\n            <h3>Vignir Vatnar - fyrirlestur um Fri\u00f0rik \u00d3lafsson - Sk\u00e1kdagurinn 2026<\/h3>        <\/div>\r\n                <div class=\"mxyt-description\">\r\n            <div class=\"mxyt-text-description mxyt-less\"><div class=\"mxyt-text-description-full\">St\u00f3rmeistarinn Vignir Vatnar me\u00f0 fyrirlestur um Fri\u00f0rik \u00d3lafsson \u00e1 Sk\u00e1kdaginn 26. jan\u00faar 2026 \u00ed Sk\u00e1ksk\u00f3la \u00cdslands.<\/div><\/div>\r\n        <\/div>\r\n                <div class=\"mxyt-meta\">\r\n            <div class=\"mxyt-views mxyt-tip\" title=\"Number of views\"><i class=\"mxyt-icon mxyt-icon-views\"><\/i> 123<\/div>\r\n            <div class=\"mxyt-likes mxyt-tip\" title=\"Number of likes\"><i class=\"mxyt-icon mxyt-icon-likes\"><\/i> 2<\/div>\r\n            <div class=\"mxyt-comments mxyt-tip\" title=\"Number of comments\"><i class=\"mxyt-icon mxyt-icon-comments\"><\/i> 0<\/div>\r\n        <\/div>\r\n        <\/div>\r\n                <\/div>\r\n                        <\/div>\r\n    <\/div>\r\n    \r\n\t<\/section><\/div><\/div><\/div><\/div>\r\n\t\t<script>\r\n\r\n\t\t\tjQuery(window).load(function () {\r\n\t\t\t\tjQuery('body').find('#td_uid_1_69f7ebce8c243 .td-element-style').each(function (index, element) {\r\n\t\t\t\t\tjQuery(element).css('opacity', 1);\r\n\t\t\t\t\treturn;\r\n\t\t\t\t});\r\n\t\t\t});\r\n\r\n\t\t<\/script>\r\n\r\n\t\t\r\n\t\t\t<script>\r\n\r\n\t\t\t\tjQuery(window).ready(function () {\r\n\r\n\t\t\t\t\t\/\/ We need timeout because the content must be rendered and interpreted on client\r\n\t\t\t\t\tsetTimeout(function () {\r\n\r\n\t\t\t\t\t\tvar $content = jQuery('body').find('#tdc-live-iframe'),\r\n\t\t\t\t\t\t\trefWindow = undefined;\r\n\r\n\t\t\t\t\t\tif ($content.length) {\r\n\t\t\t\t\t\t\t$content = $content.contents();\r\n\t\t\t\t\t\t\trefWindow = document.getElementById('tdc-live-iframe').contentWindow || document.getElementById('tdc-live-iframe').contentDocument;\r\n\r\n\t\t\t\t\t\t} else {\r\n\t\t\t\t\t\t\t$content = jQuery('body');\r\n\t\t\t\t\t\t\trefWindow = window;\r\n\t\t\t\t\t\t}\r\n\r\n\t\t\t\t\t\t$content.find('#td_uid_1_69f7ebce8c243 .td-element-style').each(function (index, element) {\r\n\t\t\t\t\t\t\tjQuery(element).css('opacity', 1);\r\n\t\t\t\t\t\t\treturn;\r\n\t\t\t\t\t\t});\r\n\t\t\t\t\t});\r\n\r\n\t\t\t\t}, 200);\r\n\t\t\t<\/script>\r\n\r\n\t\t\t","protected":false},"excerpt":{"rendered":"<p>14:46 Fri\u00f0rik \u00d3lafsson Fri\u00f0rik \u00d3lafsson er fyrsti \u00edslenski st\u00f3rmeistarinn, f\u00e6ddur \u00e1ri\u00f0 1935. Fri\u00f0rik var\u00f0 st\u00f3rmeistari \u00e1ri\u00f0 1958. Hann hefur lagt marga heimsmeistara \u00ed sk\u00e1k, m.a. Bobby Fischer tvisvar! Fri\u00f0rik hefur einnig starfa\u00f0 sem forseti al\u00fej\u00f3\u00f0ask\u00e1ksambandsins, FIDE. Fri\u00f0rik hefur skemmtilegan s\u00f3knarsk\u00e1kst\u00edl og n\u00fdtur s\u00edn best \u00feegar hann hefur frumkv\u00e6\u00f0i\u00f0. Af \u00feessum s\u00f6kum hefur Fri\u00f0rik teflt margar [...]<\/p>\n","protected":false},"author":1,"featured_media":0,"parent":0,"menu_order":0,"comment_status":"closed","ping_status":"closed","template":"","meta":{"footnotes":""},"class_list":["post-472","page","type-page","status-publish","hentry"],"_links":{"self":[{"href":"https:\/\/skak.is\/skakkennsla\/wp-json\/wp\/v2\/pages\/472","targetHints":{"allow":["GET"]}}],"collection":[{"href":"https:\/\/skak.is\/skakkennsla\/wp-json\/wp\/v2\/pages"}],"about":[{"href":"https:\/\/skak.is\/skakkennsla\/wp-json\/wp\/v2\/types\/page"}],"author":[{"embeddable":true,"href":"https:\/\/skak.is\/skakkennsla\/wp-json\/wp\/v2\/users\/1"}],"replies":[{"embeddable":true,"href":"https:\/\/skak.is\/skakkennsla\/wp-json\/wp\/v2\/comments?post=472"}],"version-history":[{"count":1,"href":"https:\/\/skak.is\/skakkennsla\/wp-json\/wp\/v2\/pages\/472\/revisions"}],"predecessor-version":[{"id":473,"href":"https:\/\/skak.is\/skakkennsla\/wp-json\/wp\/v2\/pages\/472\/revisions\/473"}],"wp:attachment":[{"href":"https:\/\/skak.is\/skakkennsla\/wp-json\/wp\/v2\/media?parent=472"}],"curies":[{"name":"wp","href":"https:\/\/api.w.org\/{rel}","templated":true}]}}