{"id":202,"date":"2019-06-23T18:13:16","date_gmt":"2019-06-23T18:13:16","guid":{"rendered":"https:\/\/skak.is\/skaksamband\/?page_id=202"},"modified":"2026-01-08T09:55:05","modified_gmt":"2026-01-08T09:55:05","slug":"nefndir-og-rad","status":"publish","type":"page","link":"https:\/\/skak.is\/skaksamband\/um-ssi\/nefndir-og-rad\/","title":{"rendered":"Nefndir og r\u00e1\u00f0"},"content":{"rendered":"<p style=\"font-weight: 400;\"><strong>Nefndir S\u00cd starfs\u00e1ri\u00f0 2025-26<\/strong><\/p>\n<p>Sumar nefndir eru enn ekki fullskipa\u00f0ar.<\/p>\n<p><strong>M\u00f3tanefnd<\/strong> \u2013 J\u00f3hanna Bj\u00f6rg J\u00f3hannssond\u00f3ttir (forma\u00f0ur), Gunnar Bj\u00f6rnsson og formenn f\u00e9laga.<\/p>\n<p><strong>Fj\u00e1rhagsnefnd<\/strong> \u2013 Dav\u00ed\u00f0 Stef\u00e1nsson, forma\u00f0ur<\/p>\n<p><strong>Landsli\u00f0snefnd<\/strong> \u2013 Bj\u00f6rn \u00cdvar Karlsson, forma\u00f0ur, Gauti P\u00e1ll J\u00f3nsson<\/p>\n<p><strong>Kvennask\u00e1knefnd<\/strong> \u2013 J\u00f3hanna Bj\u00f6rg J\u00f3hannsd\u00f3ttir, T\u00f3mas Tandri J\u00f3hannsson, Tinna Krist\u00edn Finnbogad\u00f3tti<\/p>\n<p><strong>\u00c6skul\u00fd\u00f0snefnd\/stj\u00f3rn Sk\u00e1ksk\u00f3la \u00cdslands<\/strong>: Da\u00f0i \u00d3marsson, J\u00f3hanna Bj\u00f6rg J\u00f3hannsd\u00f3ttir,Au\u00f0bergur Magn\u00fasson.<\/p>\n<p><strong>Sk\u00e1kd\u00f3maranefnd<\/strong> \u2013 R\u00f3bert Lagerman, forma\u00f0ur,<\/p>\n<p><strong>Sk\u00e1kkennara- og \u00fej\u00e1lfaranefnd <\/strong>\u00a0\u2013 \u00d3skipu\u00f0<\/p>\n<p><strong>\u00d6ldunganefnd<\/strong> &#8211; \u00c1skell \u00d6rn K\u00e1rason, forma\u00f0ur og \u00deorsteinn \u00deorsteinsson.<\/p>\n<p><strong>Laganefnd<\/strong> \u2013 Harald Bj\u00f6rnsson, forma\u00f0ur, Kristinn Bjarnason og Sindri Gu\u00f0j\u00f3nsson<\/p>\n<p><strong>Sk\u00e1ks\u00f6gunefnd<\/strong>: Gauti P\u00e1ll J\u00f3nsson, Unnar Ingvarsson, Sigurbj\u00f6rn Bj\u00f6rnsson<\/p>\n<h3><strong>Kj\u00f6rnir emb\u00e6ttismenn af a\u00f0alfundi S\u00cd<\/strong><\/h3>\n<p><strong>Sko\u00f0unarmenn reikninga S\u00cd<\/strong>: Hei\u00f0ar \u00c1sberg Atlason, \u00deorsteinn Stef\u00e1nsson. Varama\u00f0ur: Hallger\u00f0ur Helga \u00deorsteinsd\u00f3ttir<\/p>\n<p><strong>Kj\u00f6rbr\u00e9fanefnd<\/strong>: Helgi \u00c1ss Gr\u00e9tarsson, R\u00f3bert Lagerman og Gauti P\u00e1ll J\u00f3nsson.<br \/>\nVaramenn: Bj\u00f6rn \u00cdvar Karlsson Kjartan Maack og Magn\u00fas Matth\u00edasson<\/p>\n<p><strong>D\u00f3mst\u00f3ll<\/strong>: Halld\u00f3r Brynjar Halld\u00f3rsson, R\u00f3bert Lagerman og \u00d3lafur Evert \u00dalfsson. Varamenn eru Sverrir \u00d6rn Bj\u00f6rnsson, Veronika Steinunn Magn\u00fasd\u00f3ttir og T\u00f3mas Veigar Sigur\u00f0arson<\/p>\n<p><strong>Kjaranefnd<\/strong>: Helgi \u00c1rnason, J\u00f3n Eggert Hallsson og P\u00e1ll \u00de\u00f3rhallsson. Varama\u00f0ur: Magn\u00fas P\u00e1lmi \u00d6rn\u00f3lfsson<\/p>\n","protected":false},"excerpt":{"rendered":"<p>Nefndir S\u00cd starfs\u00e1ri\u00f0 2025-26 Sumar nefndir eru enn ekki fullskipa\u00f0ar. M\u00f3tanefnd \u2013 J\u00f3hanna Bj\u00f6rg J\u00f3hannssond\u00f3ttir (forma\u00f0ur), Gunnar Bj\u00f6rnsson og formenn f\u00e9laga. Fj\u00e1rhagsnefnd \u2013 Dav\u00ed\u00f0 Stef\u00e1nsson, forma\u00f0ur Landsli\u00f0snefnd \u2013 Bj\u00f6rn \u00cdvar Karlsson, forma\u00f0ur, Gauti P\u00e1ll J\u00f3nsson Kvennask\u00e1knefnd \u2013 J\u00f3hanna Bj\u00f6rg J\u00f3hannsd\u00f3ttir, T\u00f3mas Tandri J\u00f3hannsson, Tinna Krist\u00edn Finnbogad\u00f3tti \u00c6skul\u00fd\u00f0snefnd\/stj\u00f3rn Sk\u00e1ksk\u00f3la \u00cdslands: Da\u00f0i \u00d3marsson, J\u00f3hanna Bj\u00f6rg J\u00f3hannsd\u00f3ttir,Au\u00f0bergur Magn\u00fasson. [&hellip;]<\/p>\n","protected":false},"author":1,"featured_media":0,"parent":104,"menu_order":0,"comment_status":"closed","ping_status":"closed","template":"","meta":{"footnotes":""},"class_list":["post-202","page","type-page","status-publish","hentry"],"_links":{"self":[{"href":"https:\/\/skak.is\/skaksamband\/wp-json\/wp\/v2\/pages\/202","targetHints":{"allow":["GET"]}}],"collection":[{"href":"https:\/\/skak.is\/skaksamband\/wp-json\/wp\/v2\/pages"}],"about":[{"href":"https:\/\/skak.is\/skaksamband\/wp-json\/wp\/v2\/types\/page"}],"author":[{"embeddable":true,"href":"https:\/\/skak.is\/skaksamband\/wp-json\/wp\/v2\/users\/1"}],"replies":[{"embeddable":true,"href":"https:\/\/skak.is\/skaksamband\/wp-json\/wp\/v2\/comments?post=202"}],"version-history":[{"count":14,"href":"https:\/\/skak.is\/skaksamband\/wp-json\/wp\/v2\/pages\/202\/revisions"}],"predecessor-version":[{"id":3622,"href":"https:\/\/skak.is\/skaksamband\/wp-json\/wp\/v2\/pages\/202\/revisions\/3622"}],"up":[{"embeddable":true,"href":"https:\/\/skak.is\/skaksamband\/wp-json\/wp\/v2\/pages\/104"}],"wp:attachment":[{"href":"https:\/\/skak.is\/skaksamband\/wp-json\/wp\/v2\/media?parent=202"}],"curies":[{"name":"wp","href":"https:\/\/api.w.org\/{rel}","templated":true}]}}

Nefndir og ráð

<p style="font-weight: 400;"><strong>Nefndir SÍ starfsárið 2025-26</strong></p>
<p>Sumar nefndir eru enn ekki fullskipaðar.</p>
<p><strong>Mótanefnd</strong> – Jóhanna Björg Jóhannssondóttir (formaður), Gunnar Björnsson og formenn félaga.</p>
<p><strong>Fjárhagsnefnd</strong> – Davíð Stefánsson, formaður</p>
<p><strong>Landsliðsnefnd</strong> – Björn Ívar Karlsson, formaður, Gauti Páll Jónsson</p>
<p><strong>Kvennaskáknefnd</strong> – Jóhanna Björg Jóhannsdóttir, Tómas Tandri Jóhannsson, Tinna Kristín Finnbogadótti</p>
<p><strong>Æskulýðsnefnd/stjórn Skákskóla Íslands</strong>: Daði Ómarsson, Jóhanna Björg Jóhannsdóttir,Auðbergur Magnússon.</p>
<p><strong>Skákdómaranefnd</strong> – Róbert Lagerman, formaður,</p>
<p><strong>Skákkennara- og þjálfaranefnd </strong> – Óskipuð</p>
<p><strong>Öldunganefnd</strong> &#8211; Áskell Örn Kárason, formaður og Þorsteinn Þorsteinsson.</p>
<p><strong>Laganefnd</strong> – Harald Björnsson, formaður, Kristinn Bjarnason og Sindri Guðjónsson</p>
<p><strong>Skáksögunefnd</strong>: Gauti Páll Jónsson, Unnar Ingvarsson, Sigurbjörn Björnsson</p>
<h3><strong>Kjörnir embættismenn af aðalfundi SÍ</strong></h3>
<p><strong>Skoðunarmenn reikninga SÍ</strong>: Heiðar Ásberg Atlason, Þorsteinn Stefánsson. Varamaður: Hallgerður Helga Þorsteinsdóttir</p>
<p><strong>Kjörbréfanefnd</strong>: Helgi Áss Grétarsson, Róbert Lagerman og Gauti Páll Jónsson.<br />
Varamenn: Björn Ívar Karlsson Kjartan Maack og Magnús Matthíasson</p>
<p><strong>Dómstóll</strong>: Halldór Brynjar Halldórsson, Róbert Lagerman og Ólafur Evert Úlfsson. Varamenn eru Sverrir Örn Björnsson, Veronika Steinunn Magnúsdóttir og Tómas Veigar Sigurðarson</p>
<p><strong>Kjaranefnd</strong>: Helgi Árnason, Jón Eggert Hallsson og Páll Þórhallsson. Varamaður: Magnús Pálmi Örnólfsson</p>

<p>Nefndir SÍ starfsárið 2025-26 Sumar nefndir eru enn ekki fullskipaðar. Mótanefnd – Jóhanna Björg Jóhannssondóttir (formaður), Gunnar Björnsson og formenn félaga. Fjárhagsnefnd – Davíð Stefánsson, formaður Landsliðsnefnd – Björn Ívar Karlsson, formaður, Gauti Páll Jónsson Kvennaskáknefnd – Jóhanna Björg Jóhannsdóttir, Tómas Tandri Jóhannsson, Tinna Kristín Finnbogadótti Æskulýðsnefnd/stjórn Skákskóla Íslands: Daði Ómarsson, Jóhanna Björg Jóhannsdóttir,Auðbergur Magnússon. [&hellip;]</p>
