{"id":212,"date":"2019-06-23T18:21:03","date_gmt":"2019-06-23T18:21:03","guid":{"rendered":"https:\/\/skak.is\/skaksamband\/?page_id=212"},"modified":"2025-07-11T07:43:09","modified_gmt":"2025-07-11T07:43:09","slug":"arsreikingar-og-skyrslur","status":"publish","type":"page","link":"https:\/\/skak.is\/skaksamband\/um-ssi\/arsreikingar-og-skyrslur\/","title":{"rendered":"\u00c1rsreikningar og sk\u00fdrslur"},"content":{"rendered":"<p>\u00c1rsreikningar og \u00e1rssk\u00fdrslur Sk\u00e1ksambandsins<\/p>\n<p><strong>A\u00f0alfundur 2025<\/strong><\/p>\n<ul>\n<li><strong><a href=\"https:\/\/skak.is\/skaksamband\/wp-content\/uploads\/sites\/8\/2025\/07\/combinepdf-2.pdf\">\u00c1rssk\u00fdrsla 2024-25<\/a><\/strong><\/li>\n<li><strong><a href=\"https:\/\/skak.is\/skaksamband\/wp-content\/uploads\/sites\/8\/2025\/06\/Undirritadur-arsreikningur.pdf\">\u00c1rsreikningur S\u00cd 2024 (undirrita\u00f0ur)<\/a><\/strong><\/li>\n<\/ul>\n<p><strong>A\u00f0alfundur 2024<\/strong><\/p>\n<ul>\n<li><a href=\"https:\/\/skak.is\/skaksamband\/wp-content\/uploads\/sites\/8\/2024\/06\/Arsskyrsla-med-fjarhagslegum-upplysingum.pdf\">\u00c1rssk\u00fdrsla S\u00cd 2023-24<\/a><br \/>\n<a href=\"https:\/\/skak.is\/skaksamband\/wp-content\/uploads\/sites\/8\/2024\/06\/Skaksamband-Islands-Arsreikningur-2023.pdf\">\u00c1rsreikningur 2023<\/a><\/li>\n<li><a href=\"https:\/\/skak.is\/skaksamband\/wp-content\/uploads\/sites\/8\/2024\/09\/Sigtryggssjodur-arsreikningur-2023-med-undirskriftum.pdf\">Sigtryggssj\u00f3\u00f0ur \u00e1rsreikningur 2023 me\u00f0 undirskriftum<\/a><\/li>\n<\/ul>\n<p><strong>A\u00f0alfundur 2023<\/strong><\/p>\n<ul>\n<li><a href=\"https:\/\/skak.is\/skaksamband\/wp-content\/uploads\/sites\/8\/2023\/06\/Arsskyrsla-2022-23-sent-til-felaga-1.pdf\">\u00c1rssk\u00fdrsla 2022-23 &#8211; sent til f\u00e9laga<\/a><\/li>\n<li><a href=\"https:\/\/skak.is\/skaksamband\/wp-content\/uploads\/sites\/8\/2023\/06\/Arsreikningar-2022-undirritadir.pdf\">\u00c1rsreikningar 2022<\/a><\/li>\n<li><a href=\"https:\/\/skak.is\/skaksamband\/wp-content\/uploads\/sites\/8\/2023\/06\/combinepdf-16.pdf\">\u00c1rsreikningar Sigtryggsj\u00f3\u00f0s 2019-22<\/a><\/li>\n<\/ul>\n<p><strong>A\u00f0alfundur 2022<\/strong><\/p>\n<ul>\n<li><a href=\"https:\/\/skak.is\/skaksamband\/wp-content\/uploads\/sites\/8\/2022\/05\/Arsskyrsla-SI-2021-22-tilbuin-til-prentunar.pdf\">\u00c1rssk\u00fdrsla S\u00cd 2021-22<\/a><\/li>\n<li><a href=\"https:\/\/skak.is\/skaksamband\/wp-content\/uploads\/sites\/8\/2022\/05\/SI-arsreikningur-heild-undirritadur.pdf\">\u00c1rsreikningur S\u00cd 2021<\/a><\/li>\n<\/ul>\n<p><strong>A\u00f0alfundur 2021<\/strong><\/p>\n<ul>\n<li><a href=\"https:\/\/skak.is\/skaksamband\/wp-content\/uploads\/sites\/8\/2021\/05\/Arsskyrsla-2021-sameinad-skjal.pdf\">\u00c1rssk\u00fdrsla S\u00cd 2020-21<\/a><\/li>\n<li><a href=\"https:\/\/skak.is\/skaksamband\/wp-content\/uploads\/sites\/8\/2021\/05\/Skaksamband-Islands-Arsreikningur-2020-med-undirskr.pdf\">\u00c1rsreikningur S\u00cd 2020<\/a><\/li>\n<\/ul>\n<p><strong>A\u00f0alfundur 2020<\/strong><\/p>\n<ul>\n<li><a href=\"https:\/\/skak.is\/skaksamband\/wp-content\/uploads\/sites\/8\/2020\/06\/Arskyrsla-Arsreikningur_2019-2020.pdf\">\u00c1rssk\u00fdrsla S\u00cd 2019-20<\/a><\/li>\n<li><a href=\"https:\/\/skak.is\/skaksamband\/wp-content\/uploads\/sites\/8\/2020\/06\/Sk\u00e1ksamband-\u00cdslands-\u00c1rsuppgj\u00f6r-2019-me\u00f0-undirritunum.pdf\">\u00c1rsreikningur S\u00cd 2019<\/a><\/li>\n<\/ul>\n<p><strong>A\u00f0alfundur 2019<\/strong><\/p>\n<ul>\n<li><a href=\"https:\/\/www.dropbox.com\/s\/bksmbam0r23n8jt\/2018-19_arskyrsla_si.pdf?dl=0\" target=\"_blank\" rel=\"noopener noreferrer\">\u00c1rssk\u00fdrsla 2018-19<\/a><\/li>\n<li><a href=\"https:\/\/www.dropbox.com\/s\/zhxhe9l70oavktq\/2018_arsreikningar_si.pdf?dl=0\" target=\"_blank\" rel=\"noopener noreferrer\">\u00c1rsreikningur 2018<\/a><\/li>\n<li><a href=\"https:\/\/skak.is\/skaksamband\/wp-content\/uploads\/sites\/8\/2024\/09\/Sigtryggssjodur-arsreikningur-2018-med-undirskriftum.pdf\">Sigtryggssj\u00f3\u00f0ur \u00e1rsreikningur 2018 me\u00f0 undirskriftum<\/a><\/li>\n<\/ul>\n<p><strong>A\u00f0alfundur 2018<\/strong><\/p>\n<ul>\n<li><a href=\"https:\/\/www.dropbox.com\/s\/16mbfn2uubve94i\/_rskyrsla_s_starfsari_2017-18.pdf?dl=0\" target=\"_blank\" rel=\"noopener noreferrer\">\u00c1rssk\u00fdrsla 2017-18<\/a><\/li>\n<li><a href=\"https:\/\/www.dropbox.com\/s\/vl6i1613rhsf3hy\/2017_arsreikningar_si.pdf?dl=0\" target=\"_blank\" rel=\"noopener noreferrer\">\u00c1rsreikningar 2017<\/a><\/li>\n<li><a href=\"https:\/\/skak.is\/skaksamband\/wp-content\/uploads\/sites\/8\/2024\/09\/Sigtryggssjodur-arsreikningur-2017-med-undirskriftum.pdf\">Sigtryggssj\u00f3\u00f0ur \u00e1rsreikningur 2017 me\u00f0 undirskriftum<\/a><\/li>\n<\/ul>\n<p><strong>A\u00f0alfundur 2017<\/strong><\/p>\n<ul>\n<li><a href=\"https:\/\/www.dropbox.com\/s\/05z14zd3323dvgi\/_rsskyrsla_s_2016-17.pdf?dl=0\" target=\"_blank\" rel=\"noopener noreferrer\">\u00c1rssk\u00fdrsla 2016-17<\/a><\/li>\n<li><a href=\"https:\/\/www.dropbox.com\/s\/a3c66fv9s8du1cx\/_rsreikningar_s_2016.pdf?dl=0\" target=\"_blank\" rel=\"noopener noreferrer\">\u00c1rsreikningur 2016<\/a><\/li>\n<li><a href=\"https:\/\/skak.is\/skaksamband\/wp-content\/uploads\/sites\/8\/2024\/09\/Sigtryggssjodur-arsreikningur-2016-med-undirskriftum.pdf\">Sigtryggssj\u00f3\u00f0ur \u00e1rsreikningur 2016 me\u00f0 undirskriftum<\/a><\/li>\n<\/ul>\n<p><strong>A\u00f0alfundur 2016<\/strong><\/p>\n<ul>\n<li><a href=\"https:\/\/www.dropbox.com\/s\/nqpnrl408i1i17k\/_rsskyrsla_s_2015-16.pdf?dl=0\" target=\"_blank\" rel=\"noopener noreferrer\">\u00c1rsk\u00fdrsla 2015-16<\/a><\/li>\n<li><a href=\"https:\/\/www.dropbox.com\/s\/neml6nir93w1rdq\/_rsreikningur_s_2015.pdf?dl=0\" target=\"_blank\" rel=\"noopener noreferrer\">\u00c1rsreikningur 2015<\/a><\/li>\n<\/ul>\n<p><strong>A\u00f0aldundur 2015<\/strong><\/p>\n<ul>\n<li><a href=\"https:\/\/www.dropbox.com\/s\/ocihbnp6eipbj6b\/_rsskyrsla_s_2014-15.pdf?dl=0\" target=\"_blank\" rel=\"noopener noreferrer\">\u00c1rsk\u00fdrsla og \u00e1rsreikningar<\/a><\/li>\n<\/ul>\n<p><strong>A\u00f0alfundur 2014<\/strong><\/p>\n<ul>\n<li><a href=\"https:\/\/www.dropbox.com\/s\/zm3koriutzvna8x\/2013-14_arsskyrsla_si.pdf?dl=0\" target=\"_blank\" rel=\"noopener noreferrer\">\u00c1rssk\u00fdrslan 2013-14<\/a><\/li>\n<li><a href=\"https:\/\/www.dropbox.com\/s\/i628qh43bsuvj69\/2013_arsreikningar.xlsx?dl=0\" target=\"_blank\" rel=\"noopener noreferrer\">\u00c1rsreikningur 2013<\/a><\/li>\n<\/ul>\n","protected":false},"excerpt":{"rendered":"<p>\u00c1rsreikningar og \u00e1rssk\u00fdrslur Sk\u00e1ksambandsins A\u00f0alfundur 2025 \u00c1rssk\u00fdrsla 2024-25 \u00c1rsreikningur S\u00cd 2024 (undirrita\u00f0ur) A\u00f0alfundur 2024 \u00c1rssk\u00fdrsla S\u00cd 2023-24 \u00c1rsreikningur 2023 Sigtryggssj\u00f3\u00f0ur \u00e1rsreikningur 2023 me\u00f0 undirskriftum A\u00f0alfundur 2023 \u00c1rssk\u00fdrsla 2022-23 &#8211; sent til f\u00e9laga \u00c1rsreikningar 2022 \u00c1rsreikningar Sigtryggsj\u00f3\u00f0s 2019-22 A\u00f0alfundur 2022 \u00c1rssk\u00fdrsla S\u00cd 2021-22 \u00c1rsreikningur S\u00cd 2021 A\u00f0alfundur 2021 \u00c1rssk\u00fdrsla S\u00cd 2020-21 \u00c1rsreikningur S\u00cd 2020 A\u00f0alfundur 2020 [&hellip;]<\/p>\n","protected":false},"author":1,"featured_media":0,"parent":104,"menu_order":0,"comment_status":"closed","ping_status":"closed","template":"","meta":{"footnotes":""},"class_list":["post-212","page","type-page","status-publish","hentry"],"_links":{"self":[{"href":"https:\/\/skak.is\/skaksamband\/wp-json\/wp\/v2\/pages\/212","targetHints":{"allow":["GET"]}}],"collection":[{"href":"https:\/\/skak.is\/skaksamband\/wp-json\/wp\/v2\/pages"}],"about":[{"href":"https:\/\/skak.is\/skaksamband\/wp-json\/wp\/v2\/types\/page"}],"author":[{"embeddable":true,"href":"https:\/\/skak.is\/skaksamband\/wp-json\/wp\/v2\/users\/1"}],"replies":[{"embeddable":true,"href":"https:\/\/skak.is\/skaksamband\/wp-json\/wp\/v2\/comments?post=212"}],"version-history":[{"count":41,"href":"https:\/\/skak.is\/skaksamband\/wp-json\/wp\/v2\/pages\/212\/revisions"}],"predecessor-version":[{"id":3490,"href":"https:\/\/skak.is\/skaksamband\/wp-json\/wp\/v2\/pages\/212\/revisions\/3490"}],"up":[{"embeddable":true,"href":"https:\/\/skak.is\/skaksamband\/wp-json\/wp\/v2\/pages\/104"}],"wp:attachment":[{"href":"https:\/\/skak.is\/skaksamband\/wp-json\/wp\/v2\/media?parent=212"}],"curies":[{"name":"wp","href":"https:\/\/api.w.org\/{rel}","templated":true}]}}