{"id":222,"date":"2019-06-23T18:28:01","date_gmt":"2019-06-23T18:28:01","guid":{"rendered":"https:\/\/skak.is\/skaksamband\/?page_id=222"},"modified":"2025-08-06T13:44:01","modified_gmt":"2025-08-06T13:44:01","slug":"stormeistarar","status":"publish","type":"page","link":"https:\/\/skak.is\/skaksamband\/islenskir-titilhafar\/stormeistarar\/","title":{"rendered":"St\u00f3rmeistarar"},"content":{"rendered":"<table width=\"214\">\n<tbody>\n<tr>\n<td colspan=\"2\" width=\"214\"><strong>\u00cdslenskir st\u00f3rmeistarar<\/strong><\/td>\n<\/tr>\n<tr>\n<td colspan=\"2\" width=\"214\"><\/td>\n<\/tr>\n<tr>\n<td width=\"35\"><strong>\u00c1r<\/strong><\/td>\n<td width=\"179\"><strong>St\u00f3rmeistari<\/strong><\/td>\n<\/tr>\n<tr>\n<td width=\"35\">1958<\/td>\n<td width=\"179\">Fri\u00f0rik \u00d3lafsson (l\u00e1tinn)<\/td>\n<\/tr>\n<tr>\n<td width=\"35\">1975<\/td>\n<td width=\"179\">Gu\u00f0mundur Sigurj\u00f3nsson<\/td>\n<\/tr>\n<tr>\n<td width=\"35\">1985<\/td>\n<td width=\"179\">Helgi \u00d3lafsson<\/td>\n<\/tr>\n<tr>\n<td width=\"35\">1985<\/td>\n<td width=\"179\">J\u00f3hann Hjartarson<\/td>\n<\/tr>\n<tr>\n<td width=\"35\">1986<\/td>\n<td width=\"179\">J\u00f3n L. \u00c1rnason<\/td>\n<\/tr>\n<tr>\n<td width=\"35\">1986<\/td>\n<td width=\"179\">Margeir P\u00e9tursson<\/td>\n<\/tr>\n<tr>\n<td width=\"35\">1993<\/td>\n<td width=\"179\">Hannes Hl\u00edfar Stef\u00e1nsson<\/td>\n<\/tr>\n<tr>\n<td width=\"35\">1994<\/td>\n<td width=\"179\">Helgi \u00c1ss Gr\u00e9tarsson<\/td>\n<\/tr>\n<tr>\n<td width=\"35\">1996<\/td>\n<td width=\"179\">\u00der\u00f6stur \u00de\u00f3rhallsson<\/td>\n<\/tr>\n<tr>\n<td width=\"35\">2006<\/td>\n<td width=\"179\">Henrik Danielsen<\/td>\n<\/tr>\n<tr>\n<td width=\"35\">2007<\/td>\n<td width=\"179\">H\u00e9\u00f0inn Steingr\u00edmsson<\/td>\n<\/tr>\n<tr>\n<td width=\"35\">2011<\/td>\n<td width=\"179\">Stef\u00e1n Kristj\u00e1nsson (l\u00e1tinn)<\/td>\n<\/tr>\n<tr>\n<td width=\"35\">2013<\/td>\n<td width=\"179\">Hj\u00f6rvar Steinn Gr\u00e9tarsson<\/td>\n<\/tr>\n<tr>\n<td width=\"35\">2018<\/td>\n<td width=\"179\">Bragi \u00deorfinnsson<\/td>\n<\/tr>\n<tr>\n<td width=\"35\">2021<\/td>\n<td width=\"179\">Gu\u00f0mundur Kjartansson<\/td>\n<\/tr>\n<tr>\n<td width=\"35\">2023<\/td>\n<td>Vignir Vatnar Stef\u00e1nsson<\/td>\n<\/tr>\n<tr>\n<td colspan=\"2\" width=\"214\"><\/td>\n<\/tr>\n<tr>\n<td colspan=\"2\" width=\"214\"><strong>St\u00f3rmeistarar kvenna<\/strong><\/td>\n<\/tr>\n<tr>\n<td colspan=\"2\" width=\"214\"><\/td>\n<\/tr>\n<tr>\n<td width=\"35\"><strong>\u00c1r<\/strong><\/td>\n<td width=\"179\"><strong>St\u00f3rmeistari<\/strong><\/td>\n<\/tr>\n<tr>\n<td width=\"35\">2004<\/td>\n<td width=\"179\">Lenka Pt\u00e1cn\u00edkov\u00e1<\/td>\n<\/tr>\n<\/tbody>\n<\/table>\n","protected":false},"excerpt":{"rendered":"<p>\u00cdslenskir st\u00f3rmeistarar \u00c1r St\u00f3rmeistari 1958 Fri\u00f0rik \u00d3lafsson (l\u00e1tinn) 1975 Gu\u00f0mundur Sigurj\u00f3nsson 1985 Helgi \u00d3lafsson 1985 J\u00f3hann Hjartarson 1986 J\u00f3n L. \u00c1rnason 1986 Margeir P\u00e9tursson 1993 Hannes Hl\u00edfar Stef\u00e1nsson 1994 Helgi \u00c1ss Gr\u00e9tarsson 1996 \u00der\u00f6stur \u00de\u00f3rhallsson 2006 Henrik Danielsen 2007 H\u00e9\u00f0inn Steingr\u00edmsson 2011 Stef\u00e1n Kristj\u00e1nsson (l\u00e1tinn) 2013 Hj\u00f6rvar Steinn Gr\u00e9tarsson 2018 Bragi \u00deorfinnsson 2021 Gu\u00f0mundur Kjartansson [&hellip;]<\/p>\n","protected":false},"author":1,"featured_media":0,"parent":219,"menu_order":0,"comment_status":"closed","ping_status":"closed","template":"","meta":{"footnotes":""},"class_list":["post-222","page","type-page","status-publish","hentry"],"_links":{"self":[{"href":"https:\/\/skak.is\/skaksamband\/wp-json\/wp\/v2\/pages\/222","targetHints":{"allow":["GET"]}}],"collection":[{"href":"https:\/\/skak.is\/skaksamband\/wp-json\/wp\/v2\/pages"}],"about":[{"href":"https:\/\/skak.is\/skaksamband\/wp-json\/wp\/v2\/types\/page"}],"author":[{"embeddable":true,"href":"https:\/\/skak.is\/skaksamband\/wp-json\/wp\/v2\/users\/1"}],"replies":[{"embeddable":true,"href":"https:\/\/skak.is\/skaksamband\/wp-json\/wp\/v2\/comments?post=222"}],"version-history":[{"count":7,"href":"https:\/\/skak.is\/skaksamband\/wp-json\/wp\/v2\/pages\/222\/revisions"}],"predecessor-version":[{"id":3508,"href":"https:\/\/skak.is\/skaksamband\/wp-json\/wp\/v2\/pages\/222\/revisions\/3508"}],"up":[{"embeddable":true,"href":"https:\/\/skak.is\/skaksamband\/wp-json\/wp\/v2\/pages\/219"}],"wp:attachment":[{"href":"https:\/\/skak.is\/skaksamband\/wp-json\/wp\/v2\/media?parent=222"}],"curies":[{"name":"wp","href":"https:\/\/api.w.org\/{rel}","templated":true}]}}