{"id":228,"date":"2019-06-23T18:29:48","date_gmt":"2019-06-23T18:29:48","guid":{"rendered":"https:\/\/skak.is\/skaksamband\/?page_id=228"},"modified":"2025-12-26T12:30:07","modified_gmt":"2025-12-26T12:30:07","slug":"kandidata-meistarar","status":"publish","type":"page","link":"https:\/\/skak.is\/skaksamband\/islenskir-titilhafar\/kandidata-meistarar\/","title":{"rendered":"Kandidata meistarar"},"content":{"rendered":"<table width=\"207\">\n<tbody>\n<tr>\n<td width=\"35\"><strong>\u00c1r<\/strong><\/td>\n<td width=\"172\"><strong>Nafn<\/strong><\/td>\n<\/tr>\n<tr>\n<td width=\"35\">2017<\/td>\n<td width=\"172\">Halld\u00f3r Brynjar Halld\u00f3rsson<\/td>\n<\/tr>\n<tr>\n<td width=\"35\">2017<\/td>\n<td width=\"172\">Arnar \u00deorsteinsson<\/td>\n<\/tr>\n<tr>\n<td width=\"35\">2021<\/td>\n<td width=\"172\">T\u00f3mas Hermannsson<\/td>\n<\/tr>\n<tr>\n<td width=\"35\">2024<\/td>\n<td width=\"172\">Gunnar Freyr R\u00fanarsson<\/td>\n<\/tr>\n<tr>\n<td width=\"35\">2024<\/td>\n<td width=\"172\">Da\u00f0i \u00d3marsson<\/td>\n<\/tr>\n<tr>\n<td width=\"35\">2024<\/td>\n<td width=\"172\">Bj\u00f6rn H\u00f3lm Birkisson<\/td>\n<\/tr>\n<tr>\n<td width=\"35\">2025<\/td>\n<td width=\"172\">Alexander Oliver Mai<\/td>\n<\/tr>\n<tr>\n<td width=\"35\">2025<\/td>\n<td width=\"172\">Magn\u00fas P\u00e1lmi \u00d6rn\u00f3lfsson<\/td>\n<\/tr>\n<tr>\n<td width=\"35\">2025<\/td>\n<td width=\"172\">Gu\u00f0mundur Halld\u00f3rsson<\/td>\n<\/tr>\n<tr>\n<td width=\"35\">2025<\/td>\n<td width=\"172\">J\u00f3n \u00c1rni Halld\u00f3rsson<\/td>\n<\/tr>\n<tr>\n<td width=\"35\">2025<\/td>\n<td width=\"172\">Adam Omarsson<\/td>\n<\/tr>\n<tr>\n<td width=\"35\">2025<\/td>\n<td width=\"172\">Benedikt Briem<\/td>\n<\/tr>\n<tr>\n<td width=\"35\">2025<\/td>\n<td width=\"172\">J\u00f3n Trausti Har\u00f0arson<\/td>\n<\/tr>\n<tr>\n<td width=\"35\"><\/td>\n<td width=\"172\"><\/td>\n<\/tr>\n<tr>\n<td colspan=\"2\" width=\"207\"><strong>CM-meistarar kvenna<\/strong><\/td>\n<\/tr>\n<tr>\n<td width=\"35\"><\/td>\n<td width=\"172\"><\/td>\n<\/tr>\n<tr>\n<td width=\"35\"><strong>\u00c1r<\/strong><\/td>\n<td width=\"172\"><strong>Nafn<\/strong><\/td>\n<\/tr>\n<tr>\n<td width=\"35\">2024<\/td>\n<td width=\"172\">J\u00f3hanna Bj\u00f6rg J\u00f3hannsd\u00f3ttir<\/td>\n<\/tr>\n<tr>\n<td width=\"35\">2024<\/td>\n<td width=\"172\">I\u00f0unn Helgad\u00f3ttir<\/td>\n<\/tr>\n<tr>\n<td width=\"35\">2025<\/td>\n<td width=\"172\">Gu\u00f0r\u00fan Fanney Briem<\/td>\n<\/tr>\n<\/tbody>\n<\/table>\n","protected":false},"excerpt":{"rendered":"<p>\u00c1r Nafn 2017 Halld\u00f3r Brynjar Halld\u00f3rsson 2017 Arnar \u00deorsteinsson 2021 T\u00f3mas Hermannsson 2024 Gunnar Freyr R\u00fanarsson 2024 Da\u00f0i \u00d3marsson 2024 Bj\u00f6rn H\u00f3lm Birkisson 2025 Alexander Oliver Mai 2025 Magn\u00fas P\u00e1lmi \u00d6rn\u00f3lfsson 2025 Gu\u00f0mundur Halld\u00f3rsson 2025 J\u00f3n \u00c1rni Halld\u00f3rsson 2025 Adam Omarsson 2025 Benedikt Briem 2025 J\u00f3n Trausti Har\u00f0arson CM-meistarar kvenna \u00c1r Nafn 2024 J\u00f3hanna Bj\u00f6rg [&hellip;]<\/p>\n","protected":false},"author":1,"featured_media":0,"parent":219,"menu_order":0,"comment_status":"closed","ping_status":"closed","template":"","meta":{"footnotes":""},"class_list":["post-228","page","type-page","status-publish","hentry"],"_links":{"self":[{"href":"https:\/\/skak.is\/skaksamband\/wp-json\/wp\/v2\/pages\/228","targetHints":{"allow":["GET"]}}],"collection":[{"href":"https:\/\/skak.is\/skaksamband\/wp-json\/wp\/v2\/pages"}],"about":[{"href":"https:\/\/skak.is\/skaksamband\/wp-json\/wp\/v2\/types\/page"}],"author":[{"embeddable":true,"href":"https:\/\/skak.is\/skaksamband\/wp-json\/wp\/v2\/users\/1"}],"replies":[{"embeddable":true,"href":"https:\/\/skak.is\/skaksamband\/wp-json\/wp\/v2\/comments?post=228"}],"version-history":[{"count":4,"href":"https:\/\/skak.is\/skaksamband\/wp-json\/wp\/v2\/pages\/228\/revisions"}],"predecessor-version":[{"id":3617,"href":"https:\/\/skak.is\/skaksamband\/wp-json\/wp\/v2\/pages\/228\/revisions\/3617"}],"up":[{"embeddable":true,"href":"https:\/\/skak.is\/skaksamband\/wp-json\/wp\/v2\/pages\/219"}],"wp:attachment":[{"href":"https:\/\/skak.is\/skaksamband\/wp-json\/wp\/v2\/media?parent=228"}],"curies":[{"name":"wp","href":"https:\/\/api.w.org\/{rel}","templated":true}]}}