{"id":236,"date":"2019-06-23T18:32:42","date_gmt":"2019-06-23T18:32:42","guid":{"rendered":"https:\/\/skak.is\/skaksamband\/?page_id=236"},"modified":"2019-06-23T19:13:05","modified_gmt":"2019-06-23T19:13:05","slug":"frettabref-si","status":"publish","type":"page","link":"https:\/\/skak.is\/skaksamband\/frettabref-si\/","title":{"rendered":"Fr\u00e9ttabr\u00e9f S\u00cd"},"content":{"rendered":"<form id=\"subForm\" action=\"http:\/\/skaksamband.createsend.com\/t\/t\/s\/yujlu\/\" method=\"post\">\n<div>\n<div align=\"left\">\n<p align=\"center\"><span style=\"font-size: x-large;\">Fr\u00e9ttabr\u00e9f Sk\u00e1ksambands \u00cdslands<\/span><\/p>\n<p>Rafr\u00e6nt fr\u00e9ttabr\u00e9f Sk\u00e1ksambands \u00cdslands kemur \u00fat tvisvar sinnum \u00ed m\u00e1nu\u00f0i yfir vetrarm\u00e1nu\u00f0ina en sjaldnar \u00e1 sumrin. Br\u00e9fi\u00f0 er sent til vi\u00f0takenda \u00ed t\u00f6lvup\u00f3sti. H\u00e9r er h\u00e6gt a\u00f0 skr\u00e1 sig fyrir \u00e1skrift.<\/p>\n<\/div>\n<\/div>\n<\/form>\n<ul>\n<li><a href=\"http:\/\/skksambandslands.createsend5.com\/t\/ViewEmail\/t\/0B22ABB9D1A48705\/3790FBEE7EB90CFB\">1. tbl, 2012, 3.desember 2012 (nr. 1)<br \/>\n<\/a><\/li>\n<li><a href=\"http:\/\/skksambandslands.createsend1.com\/t\/ViewEmail\/t\/FE765900C4D32459\/825DB68618B9DE5D2540EF23F30FEDED\">2. tbl. 2012, 18. desember 2012 (nr. 2)<br \/>\n<\/a><\/li>\n<li><a href=\"http:\/\/skksambandslands.createsend1.com\/t\/ViewEmail\/t\/32B1F1595BFB345E\">1. tbl. 2013, 8. jan\u00faar 2013 (nr. 3)<br \/>\n<\/a><\/li>\n<li><a href=\"http:\/\/skksambandslands.createsend1.com\/t\/ViewEmail\/t\/D86CF71B7934CA4D\">2. tbl. 2013, 21. jan\u00faar 2013 (nr. 4)<br \/>\n<\/a><\/li>\n<li><a href=\"http:\/\/skksambandslands.cmail5.com\/t\/ViewEmail\/t\/A0CB623881C8A382\/825DB68618B9DE5D2540EF23F30FEDED\">3. tbl. 2013, 5. febr\u00faar 2013 (nr. 5)<\/a><\/li>\n<li><a href=\"http:\/\/skksambandslands.createsend.com\/t\/ViewEmail\/t\/1A0F20F01B9646E4\">4. tbl. 2013, 19. febr\u00faar 2013 (nr. 6)<\/a><\/li>\n<li><a href=\"https:\/\/skaksamband.createsend.com\/t\/ViewEmail\/t\/52763BC1D2818F52\/C67FD2F38AC4859C\/\">5. tbl. 2013, 14. mars 2013 (nr. 7)<\/a><\/li>\n<li><a href=\"http:\/\/skksambandslands.createsend5.com\/t\/ViewEmail\/t\/B73D325FE4D916B5\">6. tbl. 2013, 25. mars 2013 (nr. 8)<\/a><\/li>\n<li><a href=\"http:\/\/skksambandslands.cmail1.com\/t\/ViewEmail\/t\/8D35389605EB60CF\/3797B4924028B811\">7. tbl. 2013, 9. apr\u00edl 2013 (nr. 9)<\/a><\/li>\n<li><a href=\"http:\/\/skksambandslands.createsend4.com\/t\/ViewEmail\/t\/49731063968436F5\/825DB68618B9DE5D2540EF23F30FEDED\">8. tbl. 2013, 23. apr\u00edl 2013 (nr. 10)<\/a><\/li>\n<li><a href=\"http:\/\/skksambandslands.createsend1.com\/t\/ViewEmail\/t\/73F335017A2E7368\/09204A5770C30274\">9. tbl. 2013, 7. ma\u00ed (nr. 11)<\/a><\/li>\n<li><a href=\"http:\/\/skksambandslands.createsend4.com\/t\/ViewEmail\/t\/EF6A38C9EA1FDBD6\/3CDCA00A00A4960C\">10. tbl. 2013, 20. ma\u00ed (nr. 12)<\/a><\/li>\n<li><a href=\"http:\/\/skksambandslands.createsend1.com\/t\/ViewEmail\/t\/98DA44E51EC7367C\">11. tbl. 2013, 14. j\u00fan\u00ed (nr. 13)<\/a><\/li>\n<li><a href=\"http:\/\/skksambandslands.createsend1.com\/t\/ViewEmail\/t\/F0DAD6ABB20EE877\/3CDCA00A00A4960C\">12. tbl. 2013, 3. j\u00fal\u00ed (nr. 14)<\/a><\/li>\n<li><a href=\"http:\/\/skksambandslands.createsend1.com\/t\/ViewEmail\/t\/0F3C96A0A18E0FC6\">13. tbl. 2013, 2. september (nr. 15)<\/a><\/li>\n<li><a href=\"http:\/\/skksambandslands.createsend5.com\/t\/ViewEmail\/t\/C4DAB97AC849CF69\/825DB68618B9DE5D2540EF23F30FEDED\">14. tbl. 2013, 17. september (nr. 16)<\/a><\/li>\n<li><a href=\"http:\/\/skksambandslands.createsend.com\/t\/ViewEmail\/t\/DE3AD78B71BFC0C8\">15. tbl, 2013, 30. september (nr. 17)<\/a><\/li>\n<li><a href=\"http:\/\/skksambandslands.createsend.com\/t\/ViewEmail\/t\/994740450F429216\">16. tbl, 2013, 24. okt\u00f3ber (nr. 18)<\/a><\/li>\n<li><a href=\"http:\/\/skksambandslands.createsend1.com\/t\/ViewEmail\/t\/8F69297061629DD0\">17. tbl. 2013, 27. n\u00f3vember (nr. 19)<\/a><\/li>\n<li><a href=\"http:\/\/skksambandslands.createsend4.com\/t\/ViewEmail\/t\/1EB9EC779CAB659B\/825DB68618B9DE5D2540EF23F30FEDED\">18. tbl. 2013, 17. desember (nr. 20)<\/a><\/li>\n<li><a href=\"http:\/\/skksambandslands.createsend4.com\/t\/ViewEmail\/t\/AA12396119AAE81B\/825DB68618B9DE5D2540EF23F30FEDED\">1. tbl. 2014, 9. jan\u00faar 2014 (nr. 21)<\/a><\/li>\n<li><a href=\"http:\/\/skksambandslands.cmail2.com\/t\/ViewEmail\/t\/7C5997E0E0B9D9EB\/825DB68618B9DE5D2540EF23F30FEDED\">2. tibl. 2014, 28. jan\u00faar 2014 (nr. 22)<\/a><\/li>\n<li><a href=\"http:\/\/skksambandslands.cmail1.com\/t\/ViewEmail\/t\/C09099563E1AC38B\/825DB68618B9DE5D2540EF23F30FEDED\">3. tbl. 2014, 17. febr\u00faar 2014 (nr. 23)<\/a><\/li>\n<li><a href=\"http:\/\/skksambandslands.createsend1.com\/t\/ViewEmail\/t\/24E96A5CF698817B\/825DB68618B9DE5D2540EF23F30FEDED\">4. tbl. 2014, 26. mars 2014 (nr. 24)<\/a><\/li>\n<li><a href=\"http:\/\/skksambandslands.cmail3.com\/t\/ViewEmail\/t\/B02D6930477549E2\/3CDCA00A00A4960C\">5. tbl. 2014, 10. apr\u00edl 2014 (nr. 25)<\/a><\/li>\n<li><a href=\"http:\/\/skksambandslands.createsend1.com\/t\/ViewEmail\/t\/2EC9204E4EDCF7A8\">6. tbl. 2014, 25. apr\u00edl 2014 (nr. 26)<\/a><\/li>\n<li><a href=\"http:\/\/skksambandslands.createsend1.com\/t\/ViewEmail\/t\/229D2D912EBEACA6\">7. tbl. 2014, 7. ma\u00ed 2014 (nr. 27)<\/a><\/li>\n<li><a href=\"http:\/\/skksambandslands.cmail1.com\/t\/ViewEmail\/t\/D6F134643941D6F6\/3CDCA00A00A4960C\">8. tbl. 2014, 20. ma\u00ed 2014 (nr. 28)<\/a><\/li>\n<li><a href=\"http:\/\/skksambandslands.createsend1.com\/t\/ViewEmail\/t\/D71CC15F01690CFA\">9. tbl. 2014, 9. j\u00fan\u00ed 2014 (nr. 29)<\/a><\/li>\n<li><a href=\"https:\/\/skaksamband.createsend.com\/t\/ViewEmail\/t\/AD74DD98C33A9649\/C67FD2F38AC4859C\/\">10. tbl. 2014, 1. \u00e1g\u00fast 2014 (nr. 30)<\/a><\/li>\n<li><a href=\"https:\/\/skaksamband.createsend.com\/t\/ViewEmail\/t\/C86EDD57F06E899F\/C67FD2F38AC4859C\/\">11. tbl. 2014, 5. september 2014 (nr. 31)<\/a><\/li>\n<li><a href=\"http:\/\/skksambandslands.createsend1.com\/t\/ViewEmail\/t\/FAE9A93411BF0D36\">12. tbl. 2014, 22. september 2014 (nr. 32)<\/a><\/li>\n<li><a href=\"http:\/\/skksambandslands.createsend1.com\/t\/ViewEmail\/t\/532FA84EECB171BF\">13. tbl. 2014, 8. okt\u00f3ber 2014 (nr. 33)<\/a><\/li>\n<li><a href=\"https:\/\/skaksamband.createsend.com\/t\/ViewEmail\/t\/9E188D6F30085312\/C67FD2F38AC4859C\/\">14. tbl. 2014, 15. n\u00f3vember 2014 (nr. 34)<\/a><\/li>\n<li><a href=\"https:\/\/skaksamband.createsend.com\/t\/ViewEmail\/t\/D9A75A2F66A91BE0\/C67FD2F38AC4859C\/\">15. tbl. 2014, 9. desember 2014 (nr. 35)<\/a><\/li>\n<li><a href=\"https:\/\/skaksamband.createsend.com\/t\/ViewEmail\/t\/D22788814DBCDCE9\/C67FD2F38AC4859C\/\">1. tbl. 2015, 12. jan\u00faar 2015 (nr. 36)<\/a><\/li>\n<li><a href=\"https:\/\/skaksamband.createsend.com\/t\/ViewEmail\/t\/CA56C4388E9BA564\/C67FD2F38AC4859C\/\">2. tbl. 2015, 4. febr\u00faar 2015 (nr. 37)<\/a><\/li>\n<li><a href=\"http:\/\/skksambandslands.cmail1.com\/t\/ViewEmail\/t\/3C50C6AE56542F39\/825DB68618B9DE5D2540EF23F30FEDED\">3. tbl. 2015, 22. febr\u00faar 2015 (nr. 38)<\/a><\/li>\n<li><a href=\"https:\/\/skaksamband.createsend.com\/t\/ViewEmail\/t\/1B4F4F3A28826224\/C67FD2F38AC4859C\">4. tbl. 2015, 1. apr\u00edl 2015 (nr. 39)<\/a><\/li>\n<li><a href=\"http:\/\/skksambandslands.createsend1.com\/t\/ViewEmail\/t\/7BCFAA68859FC7BD\">5. tbl. 2015, 14. apr\u00edl 2015 (nr. 40)<\/a><\/li>\n<li><a href=\"https:\/\/skaksamband.createsend.com\/t\/ViewEmail\/t\/B852FA4CE963727E\/C67FD2F38AC4859C\/\">6. tbl. 2015, 8. ma\u00ed 2015 (nr. 41)<\/a><\/li>\n<li><a href=\"https:\/\/skaksamband.createsend.com\/t\/ViewEmail\/t\/B2C57F7B29194B39\/C67FD2F38AC4859C\/\">7. tbl. 2015, 28. ma\u00ed (2015) (nr. 42)<\/a><\/li>\n<li><a href=\"https:\/\/skaksamband.createsend.com\/t\/ViewEmail\/t\/75DA9E675E3BFB25\/C67FD2F38AC4859C\/?tx=0&amp;previewAll=1&amp;print=1\">8. tbl. 2015, 8. j\u00fal\u00ed 2015 (nr. 43)<\/a><\/li>\n<li><a href=\"https:\/\/skaksamband.createsend.com\/t\/ViewEmail\/t\/720373F8E3C9B30E\/C67FD2F38AC4859C\/?tx=0&amp;previewAll=1&amp;print=1\">9. tbl. 2015, 6. desember 2015 ( nr. 44)<\/a><\/li>\n<li><a href=\"https:\/\/skaksamband.createsend.com\/t\/ViewEmail\/t\/B0AEC9A04CC679D9\/C67FD2F38AC4859C\/?tx=0&amp;previewAll=1&amp;print=1\">10. tbl. 2015, 18. desember 2015 (nr. 45)<\/a><\/li>\n<li><a href=\"https:\/\/skaksamband.createsend.com\/t\/ViewEmail\/t\/B839FA64ABDD9F22\/C67FD2F38AC4859C\/?tx=0&amp;previewAll=1&amp;print=1\">1. tbl. 2016, 26. jan\u00faar 2016, (nr. 46)<\/a><\/li>\n<li><a href=\"https:\/\/skaksamband.createsend.com\/t\/ViewEmail\/t\/38191122FB192A4B\/C67FD2F38AC4859C\/?tx=0&amp;previewAll=1&amp;print=1\">2. tbl. 2016, 29. mars 2016 (nr. 47)<\/a><\/li>\n<li><a href=\"https:\/\/skaksamband.createsend.com\/t\/ViewEmail\/t\/D3210BAA26635055\/C67FD2F38AC4859C\/?tx=0&amp;previewAll=1&amp;print=1\">3. tbl. 2016, 11. apr\u00edl 2016 (nr. 48)<\/a><\/li>\n<li><a href=\"http:\/\/skksambandslands.cmail20.com\/t\/ViewEmail\/t\/6B2C34C898512118\/3CDCA00A00A4960C\">4. tbl. 2016, 28. apr\u00edl 2016 (nr. 49)<\/a><\/li>\n<li><a href=\"https:\/\/skaksamband.createsend.com\/t\/ViewEmail\/t\/6A211E89B6291721\/C67FD2F38AC4859C\/?tx=0&amp;previewAll=1&amp;print=1\">5. tbl. 2016, 23. j\u00fan\u00ed 2016 (nr. 50)<\/a><\/li>\n<li><a href=\"https:\/\/skaksamband.createsend.com\/campaigns\/reports\/viewCampaign.aspx?d=t&amp;c=0E2E74E3CD7D32B0&amp;ID=DCABA74405D63F1B&amp;temp=False&amp;tx=0#\">6. tbl. 2016, 22. september 2016 (nr. 51)<\/a><\/li>\n<li><a href=\"http:\/\/skksambandslands.cmail19.com\/t\/ViewEmail\/t\/92FE3A238EF11EB9\/3CDCA00A00A4960C\">1. tbl. 2017, 22. j\u00fan\u00ed 2017 (nr. 52)<\/a><\/li>\n<li><a href=\"http:\/\/skksambandslands.cmail20.com\/t\/ViewEmail\/t\/E9BEF686EA43C475\/3CDCA00A00A4960C\">2. tbl. 2017, 5. j\u00fal\u00ed 2017 (nr. 53)<\/a><\/li>\n<li><a href=\"http:\/\/skksambandslands.cmail19.com\/t\/ViewEmail\/t\/84FBFAAF1B4BD349\/3CDCA00A00A4960C\">3. tbl. 2017, 31. \u00e1g\u00fast 2017 (nr. 54)<\/a><\/li>\n<li><a href=\"http:\/\/skksambandslands.cmail19.com\/t\/ViewEmail\/t\/DE7DEA832486829D\/3CDCA00A00A4960C\">1. tbl. 2018, 11. ma\u00ed 2018 (nr. 55)<\/a><\/li>\n<\/ul>\n","protected":false},"excerpt":{"rendered":"<p>Fr\u00e9ttabr\u00e9f Sk\u00e1ksambands \u00cdslands Rafr\u00e6nt fr\u00e9ttabr\u00e9f Sk\u00e1ksambands \u00cdslands kemur \u00fat tvisvar sinnum \u00ed m\u00e1nu\u00f0i yfir vetrarm\u00e1nu\u00f0ina en sjaldnar \u00e1 sumrin. Br\u00e9fi\u00f0 er sent til vi\u00f0takenda \u00ed t\u00f6lvup\u00f3sti. H\u00e9r er h\u00e6gt a\u00f0 skr\u00e1 sig fyrir \u00e1skrift. 1. tbl, 2012, 3.desember 2012 (nr. 1) 2. tbl. 2012, 18. desember 2012 (nr. 2) 1. tbl. 2013, 8. jan\u00faar 2013 [&hellip;]<\/p>\n","protected":false},"author":1,"featured_media":0,"parent":0,"menu_order":0,"comment_status":"closed","ping_status":"closed","template":"","meta":{"footnotes":""},"class_list":["post-236","page","type-page","status-publish","hentry"],"_links":{"self":[{"href":"https:\/\/skak.is\/skaksamband\/wp-json\/wp\/v2\/pages\/236","targetHints":{"allow":["GET"]}}],"collection":[{"href":"https:\/\/skak.is\/skaksamband\/wp-json\/wp\/v2\/pages"}],"about":[{"href":"https:\/\/skak.is\/skaksamband\/wp-json\/wp\/v2\/types\/page"}],"author":[{"embeddable":true,"href":"https:\/\/skak.is\/skaksamband\/wp-json\/wp\/v2\/users\/1"}],"replies":[{"embeddable":true,"href":"https:\/\/skak.is\/skaksamband\/wp-json\/wp\/v2\/comments?post=236"}],"version-history":[{"count":2,"href":"https:\/\/skak.is\/skaksamband\/wp-json\/wp\/v2\/pages\/236\/revisions"}],"predecessor-version":[{"id":310,"href":"https:\/\/skak.is\/skaksamband\/wp-json\/wp\/v2\/pages\/236\/revisions\/310"}],"wp:attachment":[{"href":"https:\/\/skak.is\/skaksamband\/wp-json\/wp\/v2\/media?parent=236"}],"curies":[{"name":"wp","href":"https:\/\/api.w.org\/{rel}","templated":true}]}}