{"id":247,"date":"2019-06-23T18:37:11","date_gmt":"2019-06-23T18:37:11","guid":{"rendered":"https:\/\/skak.is\/skaksamband\/?page_id=247"},"modified":"2019-06-23T18:37:11","modified_gmt":"2019-06-23T18:37:11","slug":"timaritid-skak-2009-2010","status":"publish","type":"page","link":"https:\/\/skak.is\/skaksamband\/timaritid-skak\/timaritid-skak-2009-2010\/","title":{"rendered":"T\u00edmariti\u00f0 Sk\u00e1k 2009-2010"},"content":{"rendered":"<p><span style=\"font-size: x-large;\">T\u00edmariti\u00f0 Sk\u00e1k 2009-2010<\/span><\/p>\n<p><span style=\"font-size: medium;\">H\u00e9r fyrir ne\u00f0an getur \u00fe\u00fa n\u00e1lgast t\u00f6lubl\u00f6\u00f0in sem gefin voru \u00fat 2009-2010, \u00e1samt \u00fdmsum s\u00e9r\u00fatg\u00e1fum. Sumir hafa lent \u00ed vandr\u00e6\u00f0um me\u00f0 a\u00f0 opna pdf skjali\u00f0 beint af vefnum. \u00de\u00e1 er r\u00e1\u00f0 a\u00f0 h\u00e6gri klikka \u00e1 linkinn og velja &#8222;Save as&#8220;.<\/span><\/p>\n<p><span style=\"font-family: Arial;\"><span style=\"font-family: Arial; font-size: medium;\">Ritstj\u00f3ri 2009-2010: Halld\u00f3r Gr\u00e9tar Einarsson\u00a0<\/span><\/span><u><span style=\"color: #0000ff;\"><a href=\"mailto:halldor@skaksamband.is\"><span style=\"font-size: medium;\">halldor@skaksamband.is<\/span><\/a><\/span><\/u><\/p>\n<p><span style=\"font-size: medium;\">1.tbl 6.j\u00fan\u00ed 2009<\/span><\/p>\n<p><span style=\"font-size: medium;\"><img data-recalc-dims=\"1\" loading=\"lazy\" decoding=\"async\" src=\"https:\/\/i0.wp.com\/skaksamband.is\/assets\/Timaritid_Skak\/TimaritidSkak-1tbl-2009-forsida.JPG?resize=79%2C112\" alt=\"\" width=\"79\" height=\"112\" \/><\/span><\/p>\n<p><span style=\"font-size: medium;\"><img data-recalc-dims=\"1\" loading=\"lazy\" decoding=\"async\" src=\"https:\/\/i0.wp.com\/skaksamband.is\/8\/images\/fileupload\/pdf16.gif?resize=16%2C16\" alt=\"\" width=\"16\" height=\"16\" align=\"absMiddle\" border=\"0\" hspace=\"2\" \/><a href=\"http:\/\/skaksamband.is\/assets\/Timaritid_Skak\/TimaritidSkak-1tbl-2009.pdf\" target=\"_blank\" rel=\"noopener noreferrer\">TimaritidSkak-1tbl-2009.pdf<\/a><\/span><\/p>\n<p>&nbsp;<\/p>\n<p><span style=\"font-size: medium;\">2.tbl\u00a0 5.okt\u00f3ber 2009<\/span><\/p>\n<p><img data-recalc-dims=\"1\" loading=\"lazy\" decoding=\"async\" src=\"https:\/\/i0.wp.com\/skaksamband.is\/assets\/Timaritid_Skak\/TimritidSkak-2tbl.JPG?resize=68%2C96\" alt=\"\" width=\"68\" height=\"96\" \/><\/p>\n<p><a href=\"http:\/\/skaksamband.is\/assets\/Timaritid_Skak\/TimaritidSkak-2tbl.pdf\" target=\"_blank\" rel=\"noopener noreferrer\">TimaritidSkak-2tbl.pdf<\/a><a href=\"http:\/\/skaksamband.is\/assets\/Timaritid_Skak\/TimaritidSkak-2tbl.pdf\" target=\"_blank\" rel=\"noopener noreferrer\"><img data-recalc-dims=\"1\" loading=\"lazy\" decoding=\"async\" src=\"https:\/\/i0.wp.com\/skaksamband.is\/8\/images\/fileupload\/pdf16.gif?resize=16%2C16\" alt=\"\" width=\"16\" height=\"16\" align=\"absMiddle\" border=\"0\" hspace=\"2\" \/><\/a><\/p>\n<p><span style=\"font-size: medium;\">3.tbl 1.desember 2009<\/span><\/p>\n<p><span style=\"font-size: medium;\"><img data-recalc-dims=\"1\" loading=\"lazy\" decoding=\"async\" src=\"https:\/\/i0.wp.com\/skaksamband.is\/assets\/Timaritid_Skak\/TimaritidSkak-3tbl-2009-forsida.JPG?resize=68%2C96\" alt=\"\" width=\"68\" height=\"96\" \/><\/span><\/p>\n<p><span style=\"font-size: small;\"><img data-recalc-dims=\"1\" loading=\"lazy\" decoding=\"async\" src=\"https:\/\/i0.wp.com\/skaksamband.is\/8\/images\/fileupload\/pdf16.gif?resize=16%2C16\" alt=\"\" width=\"16\" height=\"16\" align=\"absMiddle\" border=\"0\" hspace=\"2\" \/><\/span><a href=\"http:\/\/skaksamband.is\/assets\/Timaritid_Skak\/TimaritidSkak-3tbl-2009.pdf\" target=\"_blank\" rel=\"noopener noreferrer\"><span style=\"font-size: small;\">TimaritidSkak-3tbl-2009.pdf<\/span><\/a><\/p>\n<p>4.tbl 19.febr\u00faar 2010<\/p>\n<p><img data-recalc-dims=\"1\" loading=\"lazy\" decoding=\"async\" src=\"https:\/\/i0.wp.com\/skaksamband.is\/assets\/Timaritid_Skak\/TimaritidSkak-4tbl-2009-forsida.JPG?resize=68%2C96\" alt=\"\" width=\"68\" height=\"96\" \/><\/p>\n<p><img data-recalc-dims=\"1\" loading=\"lazy\" decoding=\"async\" src=\"https:\/\/i0.wp.com\/skaksamband.is\/8\/images\/fileupload\/pdf16.gif?resize=16%2C16\" alt=\"\" width=\"16\" height=\"16\" align=\"absMiddle\" border=\"0\" hspace=\"2\" \/><a href=\"http:\/\/skaksamband.is\/assets\/Timaritid_Skak\/TimaritidSkak-4tbl-2009.pdf\" target=\"_blank\" rel=\"noopener noreferrer\">TimaritidSkak-4tbl-2009.pdf<\/a><\/p>\n<p>M\u00f3tsbla\u00f0 MP Reykjavik Open 2011<\/p>\n<p><img data-recalc-dims=\"1\" loading=\"lazy\" decoding=\"async\" src=\"https:\/\/i0.wp.com\/skaksamband.is\/assets\/RvikOpen2011\/RvikOpen2011MotsbladForsida.jpg?resize=68%2C96\" alt=\"\" width=\"68\" height=\"96\" \/><\/p>\n<p><img data-recalc-dims=\"1\" loading=\"lazy\" decoding=\"async\" src=\"https:\/\/i0.wp.com\/skaksamband.is\/8\/images\/fileupload\/pdf16.gif?resize=16%2C16\" alt=\"\" width=\"16\" height=\"16\" align=\"absMiddle\" border=\"0\" hspace=\"2\" \/><a href=\"http:\/\/skaksamband.is\/assets\/Timaritid_Skak\/Motsblad-ReykjavikOpen2011-lokautgafa.pdf\" target=\"_blank\" rel=\"noopener noreferrer\">Motsblad-ReykjavikOpen2011-lokautgafa.pdf<\/a><\/p>\n<p align=\"center\"><span style=\"font-size: large;\"><strong>Sk\u00e1kir \u00e1 ChessBase formi<\/strong><\/span><\/p>\n<p><span style=\"font-size: medium;\">Sk\u00e1kirnar \u00ed t\u00edmaritunum eru einnig a\u00f0gengilegar \u00e1 ChessBase formi.\u00a0<\/span><\/p>\n<p><span style=\"font-size: medium;\">1.tbl 2009:\u00a0<\/span><span style=\"font-size: medium;\"><img data-recalc-dims=\"1\" loading=\"lazy\" decoding=\"async\" src=\"https:\/\/i0.wp.com\/skaksamband.is\/8\/images\/fileupload\/cbv16.gif?resize=16%2C16\" alt=\"\" width=\"16\" height=\"16\" align=\"absMiddle\" border=\"0\" hspace=\"2\" \/><a href=\"http:\/\/skaksamband.is\/assets\/Timaritid_Skak\/TimaritidSkak-1tbl-2009.cbv\" target=\"_blank\" rel=\"noopener noreferrer\">TimaritidSkak-1tbl-2009.cbv<\/a><\/span><\/p>\n<p><span style=\"font-size: medium;\">2.tbl 2009:\u00a0<img data-recalc-dims=\"1\" loading=\"lazy\" decoding=\"async\" src=\"https:\/\/i0.wp.com\/skaksamband.is\/8\/images\/fileupload\/cbv16.gif?resize=16%2C16\" alt=\"\" width=\"16\" height=\"16\" align=\"absMiddle\" border=\"0\" hspace=\"2\" \/><a href=\"http:\/\/skaksamband.is\/assets\/Timaritid_Skak\/TimaritidSkak-2tbl-2009.cbv\" target=\"_blank\" rel=\"noopener noreferrer\">TimaritidSkak-2tbl-2009.cbv<\/a><\/span><\/p>\n<p><span style=\"font-size: medium;\">3.tbl 2009:\u00a0<img data-recalc-dims=\"1\" loading=\"lazy\" decoding=\"async\" src=\"https:\/\/i0.wp.com\/skaksamband.is\/8\/images\/fileupload\/cbv16.gif?resize=16%2C16\" alt=\"\" width=\"16\" height=\"16\" align=\"absMiddle\" border=\"0\" hspace=\"2\" \/><a href=\"http:\/\/skaksamband.is\/assets\/Timaritid_Skak\/TimaritidSkak-3tbl-2009.cbv\" target=\"_blank\" rel=\"noopener noreferrer\">TimaritidSkak-3tbl-2009.cbv<\/a><\/span><\/p>\n<p><span style=\"font-size: medium;\">4.tbl 2009:\u00a0<img data-recalc-dims=\"1\" loading=\"lazy\" decoding=\"async\" src=\"https:\/\/i0.wp.com\/skaksamband.is\/8\/images\/fileupload\/cbv16.gif?resize=16%2C16\" alt=\"\" width=\"16\" height=\"16\" align=\"absMiddle\" border=\"0\" hspace=\"2\" \/><a href=\"http:\/\/skaksamband.is\/assets\/Timaritid_Skak\/TimaritidSkak-4tbl-2009.cbv\" target=\"_blank\" rel=\"noopener noreferrer\">TimaritidSkak-4tbl-2009.cbv<\/a><\/span><\/p>\n<p><span style=\"font-size: medium;\">Bestu sk\u00e1kir \u00e1rsins 2009:\u00a0\u00a0<img data-recalc-dims=\"1\" loading=\"lazy\" decoding=\"async\" src=\"https:\/\/i0.wp.com\/skaksamband.is\/8\/images\/fileupload\/pgn16.gif?resize=16%2C16\" alt=\"\" width=\"16\" height=\"16\" align=\"absMiddle\" border=\"0\" hspace=\"2\" \/><a href=\"http:\/\/skaksamband.is\/assets\/Timaritid_Skak\/Bestu2009.pgn\" target=\"_blank\" rel=\"noopener noreferrer\">Bestu2009.pgn<\/a><\/span><\/p>\n<p><span style=\"font-size: medium;\">H\u00e9rna er h\u00e6gt a\u00f0 n\u00e1 \u00ed ChessBaseLight:\u00a0<a href=\"http:\/\/www.chessbase.com\/download\/cblight2007\/index.asp\">www.chessbase.com\/download\/cblight2007\/index.asp<\/a><\/span><\/p>\n","protected":false},"excerpt":{"rendered":"<p>T\u00edmariti\u00f0 Sk\u00e1k 2009-2010 H\u00e9r fyrir ne\u00f0an getur \u00fe\u00fa n\u00e1lgast t\u00f6lubl\u00f6\u00f0in sem gefin voru \u00fat 2009-2010, \u00e1samt \u00fdmsum s\u00e9r\u00fatg\u00e1fum. Sumir hafa lent \u00ed vandr\u00e6\u00f0um me\u00f0 a\u00f0 opna pdf skjali\u00f0 beint af vefnum. \u00de\u00e1 er r\u00e1\u00f0 a\u00f0 h\u00e6gri klikka \u00e1 linkinn og velja &#8222;Save as&#8220;. Ritstj\u00f3ri 2009-2010: Halld\u00f3r Gr\u00e9tar Einarsson\u00a0halldor@skaksamband.is 1.tbl 6.j\u00fan\u00ed 2009 TimaritidSkak-1tbl-2009.pdf &nbsp; 2.tbl\u00a0 5.okt\u00f3ber [&hellip;]<\/p>\n","protected":false},"author":1,"featured_media":0,"parent":242,"menu_order":0,"comment_status":"closed","ping_status":"closed","template":"","meta":{"footnotes":""},"class_list":["post-247","page","type-page","status-publish","hentry"],"_links":{"self":[{"href":"https:\/\/skak.is\/skaksamband\/wp-json\/wp\/v2\/pages\/247","targetHints":{"allow":["GET"]}}],"collection":[{"href":"https:\/\/skak.is\/skaksamband\/wp-json\/wp\/v2\/pages"}],"about":[{"href":"https:\/\/skak.is\/skaksamband\/wp-json\/wp\/v2\/types\/page"}],"author":[{"embeddable":true,"href":"https:\/\/skak.is\/skaksamband\/wp-json\/wp\/v2\/users\/1"}],"replies":[{"embeddable":true,"href":"https:\/\/skak.is\/skaksamband\/wp-json\/wp\/v2\/comments?post=247"}],"version-history":[{"count":1,"href":"https:\/\/skak.is\/skaksamband\/wp-json\/wp\/v2\/pages\/247\/revisions"}],"predecessor-version":[{"id":248,"href":"https:\/\/skak.is\/skaksamband\/wp-json\/wp\/v2\/pages\/247\/revisions\/248"}],"up":[{"embeddable":true,"href":"https:\/\/skak.is\/skaksamband\/wp-json\/wp\/v2\/pages\/242"}],"wp:attachment":[{"href":"https:\/\/skak.is\/skaksamband\/wp-json\/wp\/v2\/media?parent=247"}],"curies":[{"name":"wp","href":"https:\/\/api.w.org\/{rel}","templated":true}]}}