{"id":254,"date":"2019-06-23T18:39:54","date_gmt":"2019-06-23T18:39:54","guid":{"rendered":"https:\/\/skak.is\/skaksamband\/?page_id=254"},"modified":"2025-08-06T14:55:41","modified_gmt":"2025-08-06T14:55:41","slug":"islandsmeistarar-fra-upphafi","status":"publish","type":"page","link":"https:\/\/skak.is\/skaksamband\/islandsmotid-i-skak\/islandsmeistarar-fra-upphafi\/","title":{"rendered":"\u00cdslandsmeistarar fr\u00e1 upphafi"},"content":{"rendered":"<table width=\"252\">\n<tbody>\n<tr>\n<td width=\"35\">\u00c1r<\/td>\n<td width=\"217\">Sk\u00e1kmeistari \u00cdslands<\/td>\n<\/tr>\n<tr>\n<td width=\"35\"><a href=\"http:\/\/skaksamband.is\/?c=webpage&amp;id=352\">1913<\/a><\/td>\n<td width=\"217\">P\u00e9tur Z\u00f3ph\u00f3n\u00edasson<\/td>\n<\/tr>\n<tr>\n<td width=\"35\">1914<\/td>\n<td width=\"217\">P\u00e9tur Z\u00f3ph\u00f3n\u00edasson<\/td>\n<\/tr>\n<tr>\n<td width=\"35\">1915<\/td>\n<td width=\"217\">P\u00e9tur Z\u00f3ph\u00f3n\u00edasson<\/td>\n<\/tr>\n<tr>\n<td width=\"35\">1916<\/td>\n<td width=\"217\">P\u00e9tur Z\u00f3ph\u00f3n\u00edasson<\/td>\n<\/tr>\n<tr>\n<td width=\"35\">1917<\/td>\n<td width=\"217\">P\u00e9tur Z\u00f3ph\u00f3n\u00edasson (5)<\/td>\n<\/tr>\n<tr>\n<td width=\"35\">1918<\/td>\n<td width=\"217\"><a href=\"http:\/\/skaksamband.is\/?c=webpage&amp;id=306\">Eggert Gilfer<\/a><\/td>\n<\/tr>\n<tr>\n<td width=\"35\">1919<\/td>\n<td width=\"217\">Stef\u00e1n \u00d3lafsson<\/td>\n<\/tr>\n<tr>\n<td width=\"35\">1920<\/td>\n<td width=\"217\"><a href=\"http:\/\/skaksamband.is\/?c=webpage&amp;id=306\">Eggert Gilfer<\/a><\/td>\n<\/tr>\n<tr>\n<td width=\"35\">1921<\/td>\n<td width=\"217\">Stef\u00e1n \u00d3lafsson<\/td>\n<\/tr>\n<tr>\n<td width=\"35\">1922<\/td>\n<td width=\"217\">Stef\u00e1n \u00d3lafsson (3)<\/td>\n<\/tr>\n<tr>\n<td width=\"35\">1923<\/td>\n<td width=\"217\">Fr\u00edmann \u00d3lafsson (1)<\/td>\n<\/tr>\n<tr>\n<td width=\"35\">1924<\/td>\n<td width=\"217\">Sigur\u00f0ur J\u00f3nsson<\/td>\n<\/tr>\n<tr>\n<td width=\"35\">1925<\/td>\n<td width=\"217\"><a href=\"http:\/\/skaksamband.is\/?c=webpage&amp;id=306\">Eggert Gilfer<\/a><\/td>\n<\/tr>\n<tr>\n<td width=\"35\">1926<\/td>\n<td width=\"217\">Sigur\u00f0ur J\u00f3nsson (2)<\/td>\n<\/tr>\n<tr>\n<td width=\"35\">1927<\/td>\n<td width=\"217\"><a href=\"http:\/\/skaksamband.is\/?c=webpage&amp;id=306\">Eggert Gilfer<\/a><\/td>\n<\/tr>\n<tr>\n<td width=\"35\">1928<\/td>\n<td width=\"217\">Einar \u00deorvaldsson (2)<\/td>\n<\/tr>\n<tr>\n<td width=\"35\">1929<\/td>\n<td width=\"217\"><a href=\"http:\/\/skaksamband.is\/?c=webpage&amp;id=306\">Eggert Gilfer<\/a><\/td>\n<\/tr>\n<tr>\n<td width=\"35\">1930<\/td>\n<td width=\"217\">Hannes Hafstein (1)<\/td>\n<\/tr>\n<tr>\n<td width=\"35\">1931<\/td>\n<td width=\"217\">\u00c1smundur \u00c1sgeirsson<\/td>\n<\/tr>\n<tr>\n<td width=\"35\">1932<\/td>\n<td width=\"217\">J\u00f3n Gu\u00f0mundsson<\/td>\n<\/tr>\n<tr>\n<td width=\"35\">1933<\/td>\n<td width=\"217\">\u00c1smundur \u00c1sgeirsson<\/td>\n<\/tr>\n<tr>\n<td width=\"35\">1934<\/td>\n<td width=\"217\">\u00c1smundur \u00c1sgeirsson<\/td>\n<\/tr>\n<tr>\n<td width=\"35\">1935<\/td>\n<td width=\"217\"><a href=\"http:\/\/skaksamband.is\/?c=webpage&amp;id=306\">Eggert Gilfer<\/a><\/td>\n<\/tr>\n<tr>\n<td width=\"35\">1936<\/td>\n<td width=\"217\">J\u00f3n Gu\u00f0mundsson<\/td>\n<\/tr>\n<tr>\n<td width=\"35\">1937<\/td>\n<td width=\"217\">J\u00f3n Gu\u00f0mundsson (3)<\/td>\n<\/tr>\n<tr>\n<td width=\"35\">1938<\/td>\n<td width=\"217\">Baldur M\u00f6ller<\/td>\n<\/tr>\n<tr>\n<td width=\"35\">1939<\/td>\n<td width=\"217\">Baldur M\u00f6ller (*)<\/td>\n<\/tr>\n<tr>\n<td width=\"35\">1940<\/td>\n<td width=\"217\">Einar \u00deorvaldsson (2)<\/td>\n<\/tr>\n<tr>\n<td width=\"35\">1941<\/td>\n<td width=\"217\">Baldur M\u00f6ller<\/td>\n<\/tr>\n<tr>\n<td width=\"35\">1942<\/td>\n<td width=\"217\"><a href=\"http:\/\/skaksamband.is\/?c=webpage&amp;id=306\">Eggert Gilfer (7)<\/a><\/td>\n<\/tr>\n<tr>\n<td width=\"35\">1943<\/td>\n<td width=\"217\">Baldur M\u00f6ller<\/td>\n<\/tr>\n<tr>\n<td width=\"35\">1944<\/td>\n<td width=\"217\">\u00c1smundur \u00c1sgeirsson<\/td>\n<\/tr>\n<tr>\n<td width=\"35\">1945<\/td>\n<td width=\"217\">\u00c1smundur \u00c1sgeirsson<\/td>\n<\/tr>\n<tr>\n<td width=\"35\">1946<\/td>\n<td width=\"217\">\u00c1smundur \u00c1sgeirsson (6)<\/td>\n<\/tr>\n<tr>\n<td width=\"35\">1947<\/td>\n<td width=\"217\">Baldur M\u00f6ller<\/td>\n<\/tr>\n<tr>\n<td width=\"35\">1948<\/td>\n<td width=\"217\">Baldur M\u00f6ller<\/td>\n<\/tr>\n<tr>\n<td width=\"35\">1949<\/td>\n<td width=\"217\">Gu\u00f0mundur Arnlaugsson (1)<\/td>\n<\/tr>\n<tr>\n<td width=\"35\">1950<\/td>\n<td width=\"217\">Baldur M\u00f6ller (7)<\/td>\n<\/tr>\n<tr>\n<td width=\"35\">1951<\/td>\n<td width=\"217\">L\u00e1rus Johnsen (1)<\/td>\n<\/tr>\n<tr>\n<td width=\"35\">1952<\/td>\n<td width=\"217\">Fri\u00f0rik \u00d3lafsson<\/td>\n<\/tr>\n<tr>\n<td width=\"35\">1953<\/td>\n<td width=\"217\">Fri\u00f0rik \u00d3lafsson<\/td>\n<\/tr>\n<tr>\n<td width=\"35\">1954<\/td>\n<td width=\"217\">Gu\u00f0mundur S. Gu\u00f0mundsson<\/td>\n<\/tr>\n<tr>\n<td width=\"35\">1955<\/td>\n<td width=\"217\">Gu\u00f0mundur S. Gu\u00f0mundsson (*) (2)<\/td>\n<\/tr>\n<tr>\n<td width=\"35\">1956<\/td>\n<td width=\"217\">Ingi R. J\u00f3hannsson<\/td>\n<\/tr>\n<tr>\n<td width=\"35\">1957<\/td>\n<td width=\"217\">Fri\u00f0rik \u00d3lafsson<\/td>\n<\/tr>\n<tr>\n<td width=\"35\">1958<\/td>\n<td width=\"217\">Ingi R. J\u00f3hannsson<\/td>\n<\/tr>\n<tr>\n<td width=\"35\">1959<\/td>\n<td width=\"217\">Ingi R. J\u00f3hannsson<\/td>\n<\/tr>\n<tr>\n<td width=\"35\">1960<\/td>\n<td width=\"217\">Freysteinn \u00deorbergsson (1)<\/td>\n<\/tr>\n<tr>\n<td width=\"35\">1961<\/td>\n<td width=\"217\">Fri\u00f0rik \u00d3lafsson<\/td>\n<\/tr>\n<tr>\n<td width=\"35\">1962<\/td>\n<td width=\"217\">Fri\u00f0rik \u00d3lafsson<\/td>\n<\/tr>\n<tr>\n<td width=\"35\">1963<\/td>\n<td width=\"217\">Ingi R. J\u00f3hannsson (4)<\/td>\n<\/tr>\n<tr>\n<td width=\"35\">1964<\/td>\n<td width=\"217\">Helgi Sigurj\u00f3n \u00d3lafsson (1)<\/td>\n<\/tr>\n<tr>\n<td width=\"35\">1965<\/td>\n<td width=\"217\">Gu\u00f0mundur Sigurj\u00f3nsson<\/td>\n<\/tr>\n<tr>\n<td width=\"35\">1966<\/td>\n<td width=\"217\">Gunnar Gunnarsson (1)<\/td>\n<\/tr>\n<tr>\n<td width=\"35\">1967<\/td>\n<td width=\"217\">Bj\u00f6rn \u00deorsteinsson<\/td>\n<\/tr>\n<tr>\n<td width=\"35\">1968<\/td>\n<td width=\"217\">Gu\u00f0mundur Sigurj\u00f3nsson<\/td>\n<\/tr>\n<tr>\n<td width=\"35\">1969<\/td>\n<td width=\"217\">Fri\u00f0rik \u00d3lafsson (6)<\/td>\n<\/tr>\n<tr>\n<td width=\"35\">1970<\/td>\n<td width=\"217\">\u00d3lafur Magn\u00fasson<\/td>\n<\/tr>\n<tr>\n<td width=\"35\">1971<\/td>\n<td width=\"217\">J\u00f3n Kristinsson<\/td>\n<\/tr>\n<tr>\n<td width=\"35\">1972<\/td>\n<td width=\"217\">Gu\u00f0mundur Sigurj\u00f3nsson (3)<\/td>\n<\/tr>\n<tr>\n<td width=\"35\">1973<\/td>\n<td width=\"217\">\u00d3lafur Magn\u00fasson (2)<\/td>\n<\/tr>\n<tr>\n<td width=\"35\">1974<\/td>\n<td width=\"217\">J\u00f3n Kristinsson (2)<\/td>\n<\/tr>\n<tr>\n<td width=\"35\">1975<\/td>\n<td width=\"217\">Bj\u00f6rn \u00deorsteinsson (2)<\/td>\n<\/tr>\n<tr>\n<td width=\"35\">1976<\/td>\n<td width=\"217\">Haukur Angant\u00fdsson (1)<\/td>\n<\/tr>\n<tr>\n<td width=\"35\">1977<\/td>\n<td width=\"217\">J\u00f3n L. \u00c1rnason<\/td>\n<\/tr>\n<tr>\n<td width=\"35\">1978<\/td>\n<td width=\"217\">Helgi \u00d3lafsson<\/td>\n<\/tr>\n<tr>\n<td width=\"35\">1979<\/td>\n<td width=\"217\">Ingvar \u00c1smundsson (1)<\/td>\n<\/tr>\n<tr>\n<td width=\"35\">1980<\/td>\n<td width=\"217\">J\u00f3hann Hjartarson<\/td>\n<\/tr>\n<tr>\n<td width=\"35\">1981<\/td>\n<td width=\"217\">Helgi \u00d3lafsson<\/td>\n<\/tr>\n<tr>\n<td width=\"35\">1982<\/td>\n<td width=\"217\">J\u00f3n L. \u00c1rnason<\/td>\n<\/tr>\n<tr>\n<td width=\"35\">1983<\/td>\n<td width=\"217\">Hilmar Karlsson (1)<\/td>\n<\/tr>\n<tr>\n<td width=\"35\">1984<\/td>\n<td width=\"217\">J\u00f3hann Hjartarson<\/td>\n<\/tr>\n<tr>\n<td width=\"35\">1985<\/td>\n<td width=\"217\">Karl \u00deorsteins<\/td>\n<\/tr>\n<tr>\n<td width=\"35\">1986<\/td>\n<td width=\"217\">Margeir P\u00e9tursson<\/td>\n<\/tr>\n<tr>\n<td width=\"35\">1987<\/td>\n<td width=\"217\">Margeir P\u00e9tursson (2)<\/td>\n<\/tr>\n<tr>\n<td width=\"35\">1988<\/td>\n<td width=\"217\">J\u00f3n L. \u00c1rnason (3)<\/td>\n<\/tr>\n<tr>\n<td width=\"35\">1989<\/td>\n<td width=\"217\">Karl \u00deorsteins (2)<\/td>\n<\/tr>\n<tr>\n<td width=\"35\">1990<\/td>\n<td width=\"217\">H\u00e9\u00f0inn Steingr\u00edmsson<\/td>\n<\/tr>\n<tr>\n<td width=\"35\">1991<\/td>\n<td width=\"217\">Helgi \u00d3lafsson<\/td>\n<\/tr>\n<tr>\n<td width=\"35\">1992<\/td>\n<td width=\"217\">Helgi \u00d3lafsson<\/td>\n<\/tr>\n<tr>\n<td width=\"35\">1993<\/td>\n<td width=\"217\">Helgi \u00d3lafsson<\/td>\n<\/tr>\n<tr>\n<td width=\"35\">1994<\/td>\n<td width=\"217\">J\u00f3hann Hjartarson<\/td>\n<\/tr>\n<tr>\n<td width=\"35\">1995<\/td>\n<td width=\"217\">J\u00f3hann Hjartarson<\/td>\n<\/tr>\n<tr>\n<td width=\"35\">1996<\/td>\n<td width=\"217\">Helgi \u00d3lafsson (6)<\/td>\n<\/tr>\n<tr>\n<td width=\"35\">1997<\/td>\n<td width=\"217\">J\u00f3hann Hjartarson<\/td>\n<\/tr>\n<tr>\n<td width=\"35\">1998<\/td>\n<td width=\"217\">Hannes Hl\u00edfar Stef\u00e1nsson<\/td>\n<\/tr>\n<tr>\n<td width=\"35\">1999<\/td>\n<td width=\"217\">Hannes Hl\u00edfar Stef\u00e1nsson<\/td>\n<\/tr>\n<tr>\n<td width=\"35\">2000<\/td>\n<td width=\"217\">J\u00f3n Viktor Gunnarsson (1)<\/td>\n<\/tr>\n<tr>\n<td width=\"35\">2001<\/td>\n<td width=\"217\">Hannes Hl\u00edfar Stef\u00e1nsson<\/td>\n<\/tr>\n<tr>\n<td width=\"35\">2002<\/td>\n<td width=\"217\">Hannes Hl\u00edfar Stef\u00e1nsson<\/td>\n<\/tr>\n<tr>\n<td width=\"35\">2003<\/td>\n<td width=\"217\">Hannes Hl\u00edfar Stef\u00e1nsson<\/td>\n<\/tr>\n<tr>\n<td width=\"35\">2004<\/td>\n<td width=\"217\">Hannes Hl\u00edfar Stef\u00e1nsson<\/td>\n<\/tr>\n<tr>\n<td width=\"35\">2005<\/td>\n<td width=\"217\">Hannes Hl\u00edfar Stef\u00e1nsson<\/td>\n<\/tr>\n<tr>\n<td width=\"35\">2006<\/td>\n<td width=\"217\">Hannes Hl\u00edfar Stef\u00e1nsson<\/td>\n<\/tr>\n<tr>\n<td width=\"35\">2007<\/td>\n<td width=\"217\">Hannes Hl\u00edfar Stef\u00e1nsson<\/td>\n<\/tr>\n<tr>\n<td width=\"35\">2008<\/td>\n<td width=\"217\">Hannes Hl\u00edfar Stef\u00e1nsson<\/td>\n<\/tr>\n<tr>\n<td width=\"35\">2009<\/td>\n<td width=\"217\">Henrik Danielsen (1)<\/td>\n<\/tr>\n<tr>\n<td width=\"35\">2010<\/td>\n<td width=\"217\">Hannes Hl\u00edfar Stef\u00e1nsson<\/td>\n<\/tr>\n<tr>\n<td width=\"35\">2011<\/td>\n<td width=\"217\">H\u00e9\u00f0inn Steingr\u00edmsson<\/td>\n<\/tr>\n<tr>\n<td width=\"35\">2012<\/td>\n<td width=\"217\">\u00der\u00f6stur \u00de\u00f3rhallsson (1)<\/td>\n<\/tr>\n<tr>\n<td width=\"35\">2013<\/td>\n<td width=\"217\">Hannes Hl\u00edfar Stef\u00e1nsson<\/td>\n<\/tr>\n<tr>\n<td width=\"35\">2014<\/td>\n<td width=\"217\">Gu\u00f0mundur Kjartansson<\/td>\n<\/tr>\n<tr>\n<td width=\"35\">2015<\/td>\n<td width=\"217\">H\u00e9\u00f0inn Steingr\u00edmsson (3)<\/td>\n<\/tr>\n<tr>\n<td width=\"35\">2016<\/td>\n<td width=\"217\">J\u00f3hann Hjartarson (6)<\/td>\n<\/tr>\n<tr>\n<td width=\"35\">2017<\/td>\n<td width=\"217\">Gu\u00f0mundur Kjartansson<\/td>\n<\/tr>\n<tr>\n<td width=\"35\">2018<\/td>\n<td width=\"217\">Helgi \u00c1ss Gr\u00e9tarsson<\/td>\n<\/tr>\n<tr>\n<td width=\"35\">2019<\/td>\n<td width=\"217\">Hannes Hl\u00edfar Stef\u00e1nsson (13)<\/td>\n<\/tr>\n<tr>\n<td width=\"35\">2020<\/td>\n<td width=\"217\">Gu\u00f0mundur Kjartansson (3)<\/td>\n<\/tr>\n<tr>\n<td width=\"35\">2021<\/td>\n<td width=\"217\">Hj\u00f6rvar Steinn Gr\u00e9tarsson<\/td>\n<\/tr>\n<tr>\n<td width=\"35\">2022<\/td>\n<td width=\"217\">Hj\u00f6rvar Steinn Gr\u00e9tarsson (2)<\/td>\n<\/tr>\n<tr>\n<td width=\"35\">2023<\/td>\n<td width=\"217\">Vignir Vatnar Stef\u00e1nsson<\/td>\n<\/tr>\n<tr>\n<td width=\"35\">2024<\/td>\n<td width=\"217\">Helgi \u00c1ss Gr\u00e9tarssonn (3)<\/td>\n<\/tr>\n<tr>\n<td width=\"35\">2025<\/td>\n<td width=\"217\">Vignir Vatnar Stef\u00e1nsson (2)<\/td>\n<\/tr>\n<\/tbody>\n<\/table>\n","protected":false},"excerpt":{"rendered":"<p>\u00c1r Sk\u00e1kmeistari \u00cdslands 1913 P\u00e9tur Z\u00f3ph\u00f3n\u00edasson 1914 P\u00e9tur Z\u00f3ph\u00f3n\u00edasson 1915 P\u00e9tur Z\u00f3ph\u00f3n\u00edasson 1916 P\u00e9tur Z\u00f3ph\u00f3n\u00edasson 1917 P\u00e9tur Z\u00f3ph\u00f3n\u00edasson (5) 1918 Eggert Gilfer 1919 Stef\u00e1n \u00d3lafsson 1920 Eggert Gilfer 1921 Stef\u00e1n \u00d3lafsson 1922 Stef\u00e1n \u00d3lafsson (3) 1923 Fr\u00edmann \u00d3lafsson (1) 1924 Sigur\u00f0ur J\u00f3nsson 1925 Eggert Gilfer 1926 Sigur\u00f0ur J\u00f3nsson (2) 1927 Eggert Gilfer 1928 Einar \u00deorvaldsson [&hellip;]<\/p>\n","protected":false},"author":1,"featured_media":0,"parent":251,"menu_order":0,"comment_status":"closed","ping_status":"closed","template":"","meta":{"footnotes":""},"class_list":["post-254","page","type-page","status-publish","hentry"],"_links":{"self":[{"href":"https:\/\/skak.is\/skaksamband\/wp-json\/wp\/v2\/pages\/254","targetHints":{"allow":["GET"]}}],"collection":[{"href":"https:\/\/skak.is\/skaksamband\/wp-json\/wp\/v2\/pages"}],"about":[{"href":"https:\/\/skak.is\/skaksamband\/wp-json\/wp\/v2\/types\/page"}],"author":[{"embeddable":true,"href":"https:\/\/skak.is\/skaksamband\/wp-json\/wp\/v2\/users\/1"}],"replies":[{"embeddable":true,"href":"https:\/\/skak.is\/skaksamband\/wp-json\/wp\/v2\/comments?post=254"}],"version-history":[{"count":7,"href":"https:\/\/skak.is\/skaksamband\/wp-json\/wp\/v2\/pages\/254\/revisions"}],"predecessor-version":[{"id":3518,"href":"https:\/\/skak.is\/skaksamband\/wp-json\/wp\/v2\/pages\/254\/revisions\/3518"}],"up":[{"embeddable":true,"href":"https:\/\/skak.is\/skaksamband\/wp-json\/wp\/v2\/pages\/251"}],"wp:attachment":[{"href":"https:\/\/skak.is\/skaksamband\/wp-json\/wp\/v2\/media?parent=254"}],"curies":[{"name":"wp","href":"https:\/\/api.w.org\/{rel}","templated":true}]}}