{"id":262,"date":"2019-06-23T18:47:12","date_gmt":"2019-06-23T18:47:12","guid":{"rendered":"https:\/\/skak.is\/skaksamband\/?page_id=262"},"modified":"2024-07-30T10:13:13","modified_gmt":"2024-07-30T10:13:13","slug":"skakmenn","status":"publish","type":"page","link":"https:\/\/skak.is\/skaksamband\/skakmenn\/","title":{"rendered":"Sk\u00e1kmenn"},"content":{"rendered":"<p>&nbsp;<\/p>\n<ul>\n<li><a href=\"https:\/\/skakmenn.skak.is\/\">F\u00e9lagagrunnur sk\u00e1kmanna<\/a><\/li>\n<li><a href=\"https:\/\/docs.google.com\/forms\/d\/e\/1FAIpQLScKHvFGK8aWKgpoE0vqOVN8Zs0BTdAG5KcHVxK0qU07na5LOA\/viewform\">F\u00e9lagaskiptaey\u00f0ubla\u00f0 &#8211;\u00a0<\/a><\/li>\n<li><a href=\"https:\/\/docs.google.com\/spreadsheets\/d\/1FFTkGNxGrbHHZYoHcE3S6TRUxS0dNTw27Dhxf2vsAjY\/edit?gid=2#gid=2\">N\u00fdjustu f\u00e9lagaskipti\u00a0<\/a><\/li>\n<\/ul>\n","protected":false},"excerpt":{"rendered":"<p>&nbsp; F\u00e9lagagrunnur sk\u00e1kmanna F\u00e9lagaskiptaey\u00f0ubla\u00f0 &#8211;\u00a0 N\u00fdjustu f\u00e9lagaskipti\u00a0<\/p>\n","protected":false},"author":1,"featured_media":0,"parent":0,"menu_order":0,"comment_status":"closed","ping_status":"closed","template":"","meta":{"footnotes":""},"class_list":["post-262","page","type-page","status-publish","hentry"],"_links":{"self":[{"href":"https:\/\/skak.is\/skaksamband\/wp-json\/wp\/v2\/pages\/262","targetHints":{"allow":["GET"]}}],"collection":[{"href":"https:\/\/skak.is\/skaksamband\/wp-json\/wp\/v2\/pages"}],"about":[{"href":"https:\/\/skak.is\/skaksamband\/wp-json\/wp\/v2\/types\/page"}],"author":[{"embeddable":true,"href":"https:\/\/skak.is\/skaksamband\/wp-json\/wp\/v2\/users\/1"}],"replies":[{"embeddable":true,"href":"https:\/\/skak.is\/skaksamband\/wp-json\/wp\/v2\/comments?post=262"}],"version-history":[{"count":9,"href":"https:\/\/skak.is\/skaksamband\/wp-json\/wp\/v2\/pages\/262\/revisions"}],"predecessor-version":[{"id":2986,"href":"https:\/\/skak.is\/skaksamband\/wp-json\/wp\/v2\/pages\/262\/revisions\/2986"}],"wp:attachment":[{"href":"https:\/\/skak.is\/skaksamband\/wp-json\/wp\/v2\/media?parent=262"}],"curies":[{"name":"wp","href":"https:\/\/api.w.org\/{rel}","templated":true}]}}