{"id":311,"date":"2019-06-23T19:36:22","date_gmt":"2019-06-23T19:36:22","guid":{"rendered":"https:\/\/skak.is\/skaksamband\/?page_id=311"},"modified":"2025-08-06T15:00:21","modified_gmt":"2025-08-06T15:00:21","slug":"islandsmeistarar-kvenna-fra-upphafi","status":"publish","type":"page","link":"https:\/\/skak.is\/skaksamband\/islandsmotid-i-skak\/islandsmeistarar-kvenna-fra-upphafi\/","title":{"rendered":"\u00cdslandsmeistarar kvenna fr\u00e1 upphafi"},"content":{"rendered":"<table width=\"323\">\n<tbody>\n<tr>\n<td width=\"39\"><strong>\u00c1r<\/strong><\/td>\n<td width=\"284\"><strong>\u00cdslandsmeistari kvenna<\/strong><\/td>\n<\/tr>\n<tr>\n<td width=\"39\">1975<\/td>\n<td width=\"284\">Gu\u00f0laug \u00deorsteinsd\u00f3ttir<\/td>\n<\/tr>\n<tr>\n<td width=\"39\">1976<\/td>\n<td width=\"284\">Birna Nor\u00f0dahl<\/td>\n<\/tr>\n<tr>\n<td width=\"39\">1977<\/td>\n<td width=\"284\">\u00d3l\u00f6f \u00der\u00e1insd\u00f3ttir<\/td>\n<\/tr>\n<tr>\n<td width=\"39\">1978<\/td>\n<td width=\"284\">\u00d3l\u00f6f \u00der\u00e1insd\u00f3ttir<\/td>\n<\/tr>\n<tr>\n<td width=\"39\">1979<\/td>\n<td width=\"284\">\u00c1slaug Kristinsd\u00f3ttir<\/td>\n<\/tr>\n<tr>\n<td width=\"39\">1980<\/td>\n<td width=\"284\">Birna Nor\u00f0dahl (2)<\/td>\n<\/tr>\n<tr>\n<td width=\"39\">1981<\/td>\n<td width=\"284\">Sigurlaug Fri\u00f0\u00fej\u00f3fsd\u00f3ttir (1)<\/td>\n<\/tr>\n<tr>\n<td width=\"39\">1982<\/td>\n<td width=\"284\">Gu\u00f0laug \u00deorsteinsd\u00f3ttir<\/td>\n<\/tr>\n<tr>\n<td width=\"39\">1983<\/td>\n<td width=\"284\">\u00c1slaug Kristinsd\u00f3ttir<\/td>\n<\/tr>\n<tr>\n<td width=\"39\">1984<\/td>\n<td width=\"284\">\u00d3l\u00f6f \u00der\u00e1insd\u00f3ttir (3)<\/td>\n<\/tr>\n<tr>\n<td width=\"39\">1985<\/td>\n<td width=\"284\">Gu\u00f0fr\u00ed\u00f0ur Lilja Gr\u00e9tarsd\u00f3ttir<\/td>\n<\/tr>\n<tr>\n<td width=\"39\">1986<\/td>\n<td width=\"284\">Gu\u00f0fr\u00ed\u00f0ur Lilja Gr\u00e9tarsd\u00f3ttir<\/td>\n<\/tr>\n<tr>\n<td width=\"39\">1987<\/td>\n<td width=\"284\">Gu\u00f0fr\u00ed\u00f0ur Lilja Gr\u00e9tarsd\u00f3ttir<\/td>\n<\/tr>\n<tr>\n<td width=\"39\">1988<\/td>\n<td width=\"284\">Gu\u00f0fr\u00ed\u00f0ur Lilja Gr\u00e9tarsd\u00f3ttir<\/td>\n<\/tr>\n<tr>\n<td width=\"39\">1989<\/td>\n<td width=\"284\">Gu\u00f0laug \u00deorsteinsd\u00f3ttir<\/td>\n<\/tr>\n<tr>\n<td width=\"39\">1990<\/td>\n<td width=\"284\">Gu\u00f0fr\u00ed\u00f0ur Lilja Gr\u00e9tarsd\u00f3ttir<\/td>\n<\/tr>\n<tr>\n<td width=\"39\">1991<\/td>\n<td width=\"284\">Gu\u00f0fr\u00ed\u00f0ur Lilja Gr\u00e9tarsd\u00f3ttir<\/td>\n<\/tr>\n<tr>\n<td width=\"39\">1992<\/td>\n<td width=\"284\">Gu\u00f0fr\u00ed\u00f0ur Lilja Gr\u00e9tarsd\u00f3ttir<\/td>\n<\/tr>\n<tr>\n<td width=\"39\">1993<\/td>\n<td width=\"284\">Gu\u00f0fr\u00ed\u00f0ur Lilja Gr\u00e9tarsd\u00f3ttir<\/td>\n<\/tr>\n<tr>\n<td width=\"39\">1994<\/td>\n<td width=\"284\">\u00c1slaug Kristinsd\u00f3ttir (3)<\/td>\n<\/tr>\n<tr>\n<td width=\"39\">1995<\/td>\n<td width=\"284\">\u00cdna Bj\u00f6rg \u00c1rnad\u00f3ttir (1)<\/td>\n<\/tr>\n<tr>\n<td width=\"39\">1996<\/td>\n<td width=\"284\">Anna Bj\u00f6rg \u00deorgr\u00edmsd\u00f3ttir (1)<\/td>\n<\/tr>\n<tr>\n<td width=\"39\">1997<\/td>\n<td width=\"284\">Gu\u00f0fr\u00ed\u00f0ur Lilja Gr\u00e9tarsd\u00f3ttir<\/td>\n<\/tr>\n<tr>\n<td width=\"39\">1998<\/td>\n<td width=\"284\">Ingibj\u00f6rg Edda Birgisd\u00f3ttir<\/td>\n<\/tr>\n<tr>\n<td width=\"39\">1999<\/td>\n<td width=\"284\">Ingibj\u00f6rg Edda Birgisd\u00f3ttir (2)<\/td>\n<\/tr>\n<tr>\n<td width=\"39\">2000<\/td>\n<td width=\"284\">Harpa Ing\u00f3lfsd\u00f3ttir<\/td>\n<\/tr>\n<tr>\n<td width=\"39\">2001<\/td>\n<td width=\"284\">Gu\u00f0fr\u00ed\u00f0ur Lilja Gr\u00e9tarsd\u00f3ttir<\/td>\n<\/tr>\n<tr>\n<td width=\"39\">2002<\/td>\n<td width=\"284\">Gu\u00f0laug \u00deorsteinsd\u00f3ttir<\/td>\n<\/tr>\n<tr>\n<td width=\"39\">2003<\/td>\n<td width=\"284\">Gu\u00f0fr\u00ed\u00f0ur Lilja Gr\u00e9tarsd\u00f3ttir (11)<\/td>\n<\/tr>\n<tr>\n<td width=\"39\">2004<\/td>\n<td width=\"284\">Harpa Ing\u00f3lfsd\u00f3ttir (2)<\/td>\n<\/tr>\n<tr>\n<td width=\"39\">2005<\/td>\n<td width=\"284\">Gu\u00f0laug \u00deorsteinsd\u00f3ttir<\/td>\n<\/tr>\n<tr>\n<td width=\"39\">2006<\/td>\n<td width=\"284\">Lenka Pt\u00e1cn\u00edkov\u00e1<\/td>\n<\/tr>\n<tr>\n<td width=\"39\">2007<\/td>\n<td width=\"284\">Gu\u00f0laug \u00deorsteinsd\u00f3ttir (6)<\/td>\n<\/tr>\n<tr>\n<td width=\"39\">2008<\/td>\n<td width=\"284\">Hallger\u00f0ur Helga \u00deorsteinsd\u00f3ttir (1)<\/td>\n<\/tr>\n<tr>\n<td width=\"39\">\u00a02009<\/td>\n<td width=\"284\">Lenka Pt\u00e1cn\u00edkov\u00e1<\/td>\n<\/tr>\n<tr>\n<td width=\"39\">2010<\/td>\n<td width=\"284\">Lenka Pt\u00e1cn\u00edkov\u00e1<\/td>\n<\/tr>\n<tr>\n<td width=\"39\">2011<\/td>\n<td width=\"284\">Elsa Mar\u00eda Krist\u00ednard\u00f3ttir (1)<\/td>\n<\/tr>\n<tr>\n<td width=\"39\">2012<\/td>\n<td width=\"284\">Lenka Pt\u00e1cn\u00edkov\u00e1<\/td>\n<\/tr>\n<tr>\n<td width=\"39\">2013<\/td>\n<td width=\"284\">Lenka Pt\u00e1cn\u00edkov\u00e1<\/td>\n<\/tr>\n<tr>\n<td width=\"39\">2014<\/td>\n<td width=\"284\">Lenka Pt\u00e1cn\u00edkov\u00e1<\/td>\n<\/tr>\n<tr>\n<td width=\"39\">2015<\/td>\n<td width=\"284\">Lenka Pt\u00e1cn\u00edkov\u00e1<\/td>\n<\/tr>\n<tr>\n<td width=\"39\">2016<\/td>\n<td width=\"284\">Lenka Pt\u00e1cn\u00edkov\u00e1<\/td>\n<\/tr>\n<tr>\n<td width=\"39\">2017<\/td>\n<td width=\"284\">Lenka Pt\u00e1cn\u00edkov\u00e1<\/td>\n<\/tr>\n<tr>\n<td width=\"39\">2018<\/td>\n<td width=\"284\">Lenka Pt\u00e1cn\u00edkov\u00e1<\/td>\n<\/tr>\n<tr>\n<td width=\"39\">2019<\/td>\n<td width=\"284\">Lenka Pt\u00e1cn\u00edkov\u00e1<\/td>\n<\/tr>\n<tr>\n<td width=\"39\">2020<\/td>\n<td width=\"284\">Lenka Pt\u00e1cn\u00edkov\u00e1<\/td>\n<\/tr>\n<tr>\n<td width=\"39\">2021<\/td>\n<td width=\"284\">Lenka Pt\u00e1cn\u00edkov\u00e1<\/td>\n<\/tr>\n<tr>\n<td width=\"39\">2022<\/td>\n<td width=\"284\">Lenka Pt\u00e1cn\u00edkov\u00e1<\/td>\n<\/tr>\n<tr>\n<td width=\"39\">2023<\/td>\n<td width=\"284\">Olga Prudnykova<\/td>\n<\/tr>\n<tr>\n<td width=\"39\">2024<\/td>\n<td width=\"284\">Olga Prudnykova (2)<\/td>\n<\/tr>\n<tr>\n<td width=\"39\">2025<\/td>\n<td width=\"284\">Lenka Pt\u00e1cn\u00edkov\u00e1 (15)<\/td>\n<\/tr>\n<\/tbody>\n<\/table>\n<p>&nbsp;<\/p>\n","protected":false},"excerpt":{"rendered":"<p>\u00c1r \u00cdslandsmeistari kvenna 1975 Gu\u00f0laug \u00deorsteinsd\u00f3ttir 1976 Birna Nor\u00f0dahl 1977 \u00d3l\u00f6f \u00der\u00e1insd\u00f3ttir 1978 \u00d3l\u00f6f \u00der\u00e1insd\u00f3ttir 1979 \u00c1slaug Kristinsd\u00f3ttir 1980 Birna Nor\u00f0dahl (2) 1981 Sigurlaug Fri\u00f0\u00fej\u00f3fsd\u00f3ttir (1) 1982 Gu\u00f0laug \u00deorsteinsd\u00f3ttir 1983 \u00c1slaug Kristinsd\u00f3ttir 1984 \u00d3l\u00f6f \u00der\u00e1insd\u00f3ttir (3) 1985 Gu\u00f0fr\u00ed\u00f0ur Lilja Gr\u00e9tarsd\u00f3ttir 1986 Gu\u00f0fr\u00ed\u00f0ur Lilja Gr\u00e9tarsd\u00f3ttir 1987 Gu\u00f0fr\u00ed\u00f0ur Lilja Gr\u00e9tarsd\u00f3ttir 1988 Gu\u00f0fr\u00ed\u00f0ur Lilja Gr\u00e9tarsd\u00f3ttir 1989 Gu\u00f0laug \u00deorsteinsd\u00f3ttir [&hellip;]<\/p>\n","protected":false},"author":1,"featured_media":0,"parent":251,"menu_order":0,"comment_status":"closed","ping_status":"closed","template":"","meta":{"footnotes":""},"class_list":["post-311","page","type-page","status-publish","hentry"],"_links":{"self":[{"href":"https:\/\/skak.is\/skaksamband\/wp-json\/wp\/v2\/pages\/311","targetHints":{"allow":["GET"]}}],"collection":[{"href":"https:\/\/skak.is\/skaksamband\/wp-json\/wp\/v2\/pages"}],"about":[{"href":"https:\/\/skak.is\/skaksamband\/wp-json\/wp\/v2\/types\/page"}],"author":[{"embeddable":true,"href":"https:\/\/skak.is\/skaksamband\/wp-json\/wp\/v2\/users\/1"}],"replies":[{"embeddable":true,"href":"https:\/\/skak.is\/skaksamband\/wp-json\/wp\/v2\/comments?post=311"}],"version-history":[{"count":6,"href":"https:\/\/skak.is\/skaksamband\/wp-json\/wp\/v2\/pages\/311\/revisions"}],"predecessor-version":[{"id":3520,"href":"https:\/\/skak.is\/skaksamband\/wp-json\/wp\/v2\/pages\/311\/revisions\/3520"}],"up":[{"embeddable":true,"href":"https:\/\/skak.is\/skaksamband\/wp-json\/wp\/v2\/pages\/251"}],"wp:attachment":[{"href":"https:\/\/skak.is\/skaksamband\/wp-json\/wp\/v2\/media?parent=311"}],"curies":[{"name":"wp","href":"https:\/\/api.w.org\/{rel}","templated":true}]}}