{"id":4,"date":"2018-09-03T20:14:51","date_gmt":"2018-09-03T20:14:51","guid":{"rendered":"https:\/\/skak.is\/skaksamband\/calendar\/"},"modified":"2019-07-08T22:41:19","modified_gmt":"2019-07-08T22:41:19","slug":"motaaetlun","status":"publish","type":"page","link":"https:\/\/skak.is\/skaksamband\/motaaetlun\/","title":{"rendered":"M\u00f3ta\u00e1\u00e6tlun"},"content":{"rendered":"","protected":false},"excerpt":{"rendered":"","protected":false},"author":1,"featured_media":0,"parent":0,"menu_order":0,"comment_status":"closed","ping_status":"closed","template":"","meta":{"footnotes":""},"class_list":["post-4","page","type-page","status-publish","hentry"],"_links":{"self":[{"href":"https:\/\/skak.is\/skaksamband\/wp-json\/wp\/v2\/pages\/4","targetHints":{"allow":["GET"]}}],"collection":[{"href":"https:\/\/skak.is\/skaksamband\/wp-json\/wp\/v2\/pages"}],"about":[{"href":"https:\/\/skak.is\/skaksamband\/wp-json\/wp\/v2\/types\/page"}],"author":[{"embeddable":true,"href":"https:\/\/skak.is\/skaksamband\/wp-json\/wp\/v2\/users\/1"}],"replies":[{"embeddable":true,"href":"https:\/\/skak.is\/skaksamband\/wp-json\/wp\/v2\/comments?post=4"}],"version-history":[{"count":2,"href":"https:\/\/skak.is\/skaksamband\/wp-json\/wp\/v2\/pages\/4\/revisions"}],"predecessor-version":[{"id":708,"href":"https:\/\/skak.is\/skaksamband\/wp-json\/wp\/v2\/pages\/4\/revisions\/708"}],"wp:attachment":[{"href":"https:\/\/skak.is\/skaksamband\/wp-json\/wp\/v2\/media?parent=4"}],"curies":[{"name":"wp","href":"https:\/\/api.w.org\/{rel}","templated":true}]}}